CRAN Package Check Results for Package COUSCOus

Last updated on 2021-11-27 08:50:34 CET.

Flavor Version Tinstall Tcheck Ttotal Status Flags
r-devel-linux-x86_64-debian-clang 1.0.0 OK
r-devel-linux-x86_64-debian-gcc 1.0.0 2.61 25.48 28.09 OK
r-devel-linux-x86_64-fedora-clang 1.0.0 55.30 NOTE
r-devel-linux-x86_64-fedora-gcc 1.0.0 44.56 NOTE
r-devel-windows-x86_64-new-UL 1.0.0 13.00 70.00 83.00 OK
r-devel-windows-x86_64-new-TK 1.0.0 OK
r-devel-windows-x86_64-old 1.0.0 7.00 55.00 62.00 OK
r-patched-linux-x86_64 1.0.0 3.89 30.96 34.85 OK
r-patched-solaris-x86 1.0.0 70.20 OK
r-release-linux-x86_64 1.0.0 OK
r-release-macos-arm64 1.0.0 OK
r-release-macos-x86_64 1.0.0 OK
r-release-windows-ix86+x86_64 1.0.0 16.00 51.00 67.00 OK
r-oldrel-macos-x86_64 1.0.0 OK
r-oldrel-windows-ix86+x86_64 1.0.0 12.00 70.00 82.00 OK

Check Details

Version: 1.0.0
Check: compiled code
Result: NOTE
    File ‘COUSCOus/libs/COUSCOus.so’:
     Found no calls to: ‘R_registerRoutines’, ‘R_useDynamicSymbols’
    
    It is good practice to register native routines and to disable symbol
    search.
    
    See ‘Writing portable packages’ in the ‘Writing R Extensions’ manual.
Flavors: r-devel-linux-x86_64-fedora-clang, r-devel-linux-x86_64-fedora-gcc