CRAN Package Check Results for Package CPE

Last updated on 2021-09-20 07:50:26 CEST.

Flavor Version Tinstall Tcheck Ttotal Status Flags
r-devel-linux-x86_64-debian-clang 1.5.1 13.51 110.23 123.74 OK
r-devel-linux-x86_64-debian-gcc 1.5.1 11.21 82.29 93.50 OK
r-devel-linux-x86_64-fedora-clang 1.5.1 157.36 NOTE
r-devel-linux-x86_64-fedora-gcc 1.5.1 142.29 NOTE
r-devel-windows-x86_64 1.5.1 16.00 100.00 116.00 OK
r-devel-windows-x86_64-gcc10-UCRT 1.5.1 ERROR
r-patched-linux-x86_64 1.5.1 11.54 103.65 115.19 OK
r-patched-solaris-x86 1.5.1 211.80 OK
r-release-linux-x86_64 1.5.1 12.23 102.51 114.74 OK
r-release-macos-arm64 1.5.1 OK
r-release-macos-x86_64 1.5.1 OK
r-release-windows-ix86+x86_64 1.5.1 35.00 175.00 210.00 OK
r-oldrel-macos-x86_64 1.5.1 OK
r-oldrel-windows-ix86+x86_64 1.5.1 45.00 141.00 186.00 OK

Check Details

Version: 1.5.1
Check: top-level files
Result: NOTE
    ‘cleanup’: /bin/bash is not portable
Flavors: r-devel-linux-x86_64-fedora-clang, r-devel-linux-x86_64-fedora-gcc

Version: 1.5.1
Check: whether package can be installed
Result: ERROR
    Installation failed.
Flavor: r-devel-windows-x86_64-gcc10-UCRT