CRAN Package Check Results for Package CTTinShiny

Last updated on 2021-09-27 06:48:20 CEST.

Flavor Version Tinstall Tcheck Ttotal Status Flags
r-devel-linux-x86_64-debian-clang 0.1.0 4.22 34.37 38.59 NOTE
r-devel-linux-x86_64-debian-gcc 0.1.0 3.19 27.02 30.21 NOTE
r-devel-linux-x86_64-fedora-clang 0.1.0 54.32 NOTE
r-devel-linux-x86_64-fedora-gcc 0.1.0 43.80 NOTE
r-devel-windows-x86_64 0.1.0 6.00 41.00 47.00 NOTE
r-devel-windows-x86_64-gcc10-UCRT 0.1.0 NOTE
r-patched-linux-x86_64 0.1.0 4.07 33.35 37.42 NOTE
r-patched-solaris-x86 0.1.0 69.20 NOTE
r-release-linux-x86_64 0.1.0 3.96 33.26 37.22 NOTE
r-release-macos-arm64 0.1.0 NOTE
r-release-macos-x86_64 0.1.0 NOTE
r-release-windows-ix86+x86_64 0.1.0 9.00 52.00 61.00 NOTE
r-oldrel-macos-x86_64 0.1.0 OK
r-oldrel-windows-ix86+x86_64 0.1.0 7.00 42.00 49.00 OK

Check Details

Version: 0.1.0
Check: LazyData
Result: NOTE
     'LazyData' is specified without a 'data' directory
Flavors: r-devel-linux-x86_64-debian-clang, r-devel-linux-x86_64-debian-gcc, r-devel-linux-x86_64-fedora-clang, r-devel-linux-x86_64-fedora-gcc, r-devel-windows-x86_64, r-devel-windows-x86_64-gcc10-UCRT, r-patched-linux-x86_64, r-patched-solaris-x86, r-release-linux-x86_64, r-release-macos-arm64, r-release-macos-x86_64, r-release-windows-ix86+x86_64