CRAN Package Check Results for Package CUFF

Last updated on 2021-09-26 06:49:04 CEST.

Flavor Version Tinstall Tcheck Ttotal Status Flags
r-devel-linux-x86_64-debian-clang 1.7 18.02 144.36 162.38 NOTE
r-devel-linux-x86_64-debian-gcc 1.7 14.64 109.18 123.82 NOTE
r-devel-linux-x86_64-fedora-clang 1.7 204.12 NOTE
r-devel-linux-x86_64-fedora-gcc 1.7 192.46 NOTE
r-devel-windows-x86_64 1.7 17.00 107.00 124.00 NOTE
r-devel-windows-x86_64-gcc10-UCRT 1.7 NOTE
r-patched-linux-x86_64 1.7 16.46 137.32 153.78 NOTE
r-patched-solaris-x86 1.7 241.70 NOTE
r-release-linux-x86_64 1.7 16.59 140.35 156.94 NOTE
r-release-macos-arm64 1.7 NOTE
r-release-macos-x86_64 1.7 NOTE
r-release-windows-ix86+x86_64 1.7 35.00 142.00 177.00 NOTE
r-oldrel-macos-x86_64 1.7 OK
r-oldrel-windows-ix86+x86_64 1.7 30.00 110.00 140.00 OK

Check Details

Version: 1.7
Check: LazyData
Result: NOTE
     'LazyData' is specified without a 'data' directory
Flavors: r-devel-linux-x86_64-debian-clang, r-devel-linux-x86_64-debian-gcc, r-devel-linux-x86_64-fedora-clang, r-devel-linux-x86_64-fedora-gcc, r-devel-windows-x86_64, r-devel-windows-x86_64-gcc10-UCRT, r-patched-linux-x86_64, r-patched-solaris-x86, r-release-linux-x86_64, r-release-macos-arm64, r-release-macos-x86_64, r-release-windows-ix86+x86_64