CRAN Package Check Results for Package ChainLadder

Last updated on 2021-09-22 06:48:18 CEST.

Flavor Version Tinstall Tcheck Ttotal Status Flags
r-devel-linux-x86_64-debian-clang 0.2.12 25.05 289.15 314.20 OK
r-devel-linux-x86_64-debian-gcc 0.2.12 21.97 211.58 233.55 OK
r-devel-linux-x86_64-fedora-clang 0.2.12 370.77 OK
r-devel-linux-x86_64-fedora-gcc 0.2.12 364.57 OK
r-devel-windows-x86_64 0.2.12 30.00 258.00 288.00 OK
r-devel-windows-x86_64-gcc10-UCRT 0.2.12 ERROR
r-patched-linux-x86_64 0.2.12 32.19 278.40 310.59 OK
r-patched-solaris-x86 0.2.12 489.80 NOTE
r-release-linux-x86_64 0.2.12 24.13 276.78 300.91 OK
r-release-macos-arm64 0.2.12 OK
r-release-macos-x86_64 0.2.12 OK
r-release-windows-ix86+x86_64 0.2.12 53.00 347.00 400.00 OK
r-oldrel-macos-x86_64 0.2.12 OK
r-oldrel-windows-ix86+x86_64 0.2.12 51.00 352.00 403.00 OK

Check Details

Version: 0.2.12
Check: PDF version of manual
Result: WARN
    LaTeX errors when creating PDF version.
    This typically indicates Rd problems.
Flavor: r-devel-windows-x86_64-gcc10-UCRT

Version: 0.2.12
Check: PDF version of manual without hyperrefs or index
Result: ERROR
    Re-running with no redirection of stdout/stderr.
Flavor: r-devel-windows-x86_64-gcc10-UCRT

Version: 0.2.12
Check: installed package size
Result: NOTE
     installed size is 5.2Mb
     sub-directories of 1Mb or more:
     R 1.1Mb
     doc 2.9Mb
Flavor: r-patched-solaris-x86