CRAN Package Check Results for Package ChaosGame

Last updated on 2021-09-20 07:50:23 CEST.

Flavor Version Tinstall Tcheck Ttotal Status Flags
r-devel-linux-x86_64-debian-clang 1.1 12.68 65.12 77.80 OK
r-devel-linux-x86_64-debian-gcc 1.1 10.73 49.93 60.66 OK
r-devel-linux-x86_64-fedora-clang 1.1 104.85 OK
r-devel-linux-x86_64-fedora-gcc 1.1 91.27 OK
r-devel-windows-x86_64 1.1 14.00 62.00 76.00 OK
r-devel-windows-x86_64-gcc10-UCRT 1.1 ERROR
r-patched-linux-x86_64 1.1 13.65 61.25 74.90 OK
r-patched-solaris-x86 1.1 128.60 OK
r-release-linux-x86_64 1.1 13.89 62.16 76.05 OK
r-release-macos-arm64 1.1 OK
r-release-macos-x86_64 1.1 OK
r-release-windows-ix86+x86_64 1.1 24.00 77.00 101.00 OK
r-oldrel-macos-x86_64 1.1 OK
r-oldrel-windows-ix86+x86_64 1.1 23.00 60.00 83.00 OK

Check Details

Version: 1.1
Check: whether package can be installed
Result: WARN
    Found the following significant warnings:
     WARNING: installation-time patches will not be applied, could not get the patches index
Flavor: r-devel-windows-x86_64-gcc10-UCRT

Version: 1.1
Check: PDF version of manual
Result: WARN
    LaTeX errors when creating PDF version.
    This typically indicates Rd problems.
Flavor: r-devel-windows-x86_64-gcc10-UCRT

Version: 1.1
Check: PDF version of manual without hyperrefs or index
Result: ERROR
    Re-running with no redirection of stdout/stderr.
Flavor: r-devel-windows-x86_64-gcc10-UCRT