CRAN Package Check Results for Package ClimInd

Last updated on 2021-09-20 07:50:24 CEST.

Flavor Version Tinstall Tcheck Ttotal Status Flags
r-devel-linux-x86_64-debian-clang 0.1-3 18.06 207.41 225.47 OK
r-devel-linux-x86_64-debian-gcc 0.1-3 13.81 160.92 174.73 OK
r-devel-linux-x86_64-fedora-clang 0.1-3 277.58 OK
r-devel-linux-x86_64-fedora-gcc 0.1-3 258.96 OK
r-devel-windows-x86_64 0.1-3 18.00 189.00 207.00 OK
r-devel-windows-x86_64-gcc10-UCRT 0.1-3 ERROR
r-patched-linux-x86_64 0.1-3 18.03 193.74 211.77 OK
r-patched-solaris-x86 0.1-3 401.10 OK
r-release-linux-x86_64 0.1-3 12.65 191.42 204.07 OK
r-release-macos-arm64 0.1-3 OK
r-release-macos-x86_64 0.1-3 OK
r-release-windows-ix86+x86_64 0.1-3 33.00 239.00 272.00 OK
r-oldrel-macos-x86_64 0.1-3 OK
r-oldrel-windows-ix86+x86_64 0.1-3 33.00 237.00 270.00 OK

Check Details

Version: 0.1-3
Check: whether package can be installed
Result: WARN
    Found the following significant warnings:
     WARNING: installation-time patches will not be applied, could not get the patches index
Flavor: r-devel-windows-x86_64-gcc10-UCRT

Version: 0.1-3
Check: PDF version of manual
Result: WARN
    LaTeX errors when creating PDF version.
    This typically indicates Rd problems.
Flavor: r-devel-windows-x86_64-gcc10-UCRT

Version: 0.1-3
Check: PDF version of manual without hyperrefs or index
Result: ERROR
    Re-running with no redirection of stdout/stderr.
Flavor: r-devel-windows-x86_64-gcc10-UCRT