CRAN Package Check Results for Package ClimProjDiags

Last updated on 2021-10-21 11:52:57 CEST.

Flavor Version Tinstall Tcheck Ttotal Status Flags
r-devel-linux-x86_64-debian-clang 0.1.1 5.20 41.89 47.09 NOTE
r-devel-linux-x86_64-debian-gcc 0.1.1 4.82 32.87 37.69 NOTE
r-devel-linux-x86_64-fedora-clang 0.1.1 69.00 NOTE
r-devel-linux-x86_64-fedora-gcc 0.1.1 57.27 NOTE
r-devel-windows-x86_64 0.1.1 12.00 69.00 81.00 NOTE
r-devel-windows-x86_64-gcc10-UCRT 0.1.1 NOTE
r-patched-linux-x86_64 0.1.1 5.35 41.93 47.28 NOTE
r-patched-solaris-x86 0.1.1 89.30 NOTE
r-release-linux-x86_64 0.1.1 5.94 42.09 48.03 NOTE
r-release-macos-arm64 0.1.1 NOTE
r-release-macos-x86_64 0.1.1 NOTE
r-release-windows-ix86+x86_64 0.1.1 9.00 66.00 75.00 NOTE
r-oldrel-macos-x86_64 0.1.1 OK
r-oldrel-windows-ix86+x86_64 0.1.1 11.00 70.00 81.00 OK

Check Details

Version: 0.1.1
Check: LazyData
Result: NOTE
     'LazyData' is specified without a 'data' directory
Flavors: r-devel-linux-x86_64-debian-clang, r-devel-linux-x86_64-debian-gcc, r-devel-linux-x86_64-fedora-clang, r-devel-linux-x86_64-fedora-gcc, r-devel-windows-x86_64, r-devel-windows-x86_64-gcc10-UCRT, r-patched-linux-x86_64, r-patched-solaris-x86, r-release-linux-x86_64, r-release-macos-arm64, r-release-macos-x86_64, r-release-windows-ix86+x86_64