CRAN Package Check Results for Package CliquePercolation

Last updated on 2021-10-22 12:59:09 CEST.

Flavor Version Tinstall Tcheck Ttotal Status Flags
r-devel-linux-x86_64-debian-clang 0.3.0 4.28 117.36 121.64 OK
r-devel-linux-x86_64-debian-gcc 0.3.0 3.33 83.83 87.16 OK
r-devel-linux-x86_64-fedora-clang 0.3.0 156.03 OK
r-devel-linux-x86_64-fedora-gcc 0.3.0 147.85 OK
r-devel-windows-x86_64 0.3.0 8.00 149.00 157.00 OK
r-devel-windows-x86_64-gcc10-UCRT 0.3.0 ERROR
r-patched-linux-x86_64 0.3.0 4.39 110.58 114.97 OK
r-patched-solaris-x86 0.3.0 105.60 OK
r-release-linux-x86_64 0.3.0 4.59 110.47 115.06 OK
r-release-macos-arm64 0.3.0 OK
r-release-macos-x86_64 0.3.0 OK
r-release-windows-ix86+x86_64 0.3.0 14.00 150.00 164.00 OK
r-oldrel-macos-x86_64 0.3.0 OK
r-oldrel-windows-ix86+x86_64 0.3.0 9.00 147.00 156.00 OK

Check Details

Version: 0.3.0
Check: package dependencies
Result: ERROR
    Packages required but not available: 'igraph', 'qgraph'
    
    See section 'The DESCRIPTION file' in the 'Writing R Extensions'
    manual.
Flavor: r-devel-windows-x86_64-gcc10-UCRT