CRAN Package Check Results for Package ClustBlock

Last updated on 2021-09-20 07:50:24 CEST.

Flavor Version Tinstall Tcheck Ttotal Status Flags
r-devel-linux-x86_64-debian-clang 2.4.0 9.43 94.30 103.73 OK
r-devel-linux-x86_64-debian-gcc 2.4.0 8.16 66.41 74.57 OK
r-devel-linux-x86_64-fedora-clang 2.4.0 128.18 OK
r-devel-linux-x86_64-fedora-gcc 2.4.0 115.37 OK
r-devel-windows-x86_64 2.4.0 14.00 82.00 96.00 OK
r-devel-windows-x86_64-gcc10-UCRT 2.4.0 ERROR
r-patched-linux-x86_64 2.4.0 9.70 86.56 96.26 OK
r-patched-solaris-x86 2.4.0 155.50 OK
r-release-linux-x86_64 2.4.0 9.42 86.23 95.65 OK
r-release-macos-arm64 2.4.0 OK
r-release-macos-x86_64 2.4.0 OK
r-release-windows-ix86+x86_64 2.4.0 23.00 116.00 139.00 OK
r-oldrel-macos-x86_64 2.4.0 OK
r-oldrel-windows-ix86+x86_64 2.4.0 22.00 86.00 108.00 OK

Check Details

Version: 2.4.0
Check: whether package can be installed
Result: WARN
    Found the following significant warnings:
     WARNING: installation-time patches will not be applied, could not get the patches index
Flavor: r-devel-windows-x86_64-gcc10-UCRT

Version: 2.4.0
Check: PDF version of manual
Result: WARN
    LaTeX errors when creating PDF version.
    This typically indicates Rd problems.
Flavor: r-devel-windows-x86_64-gcc10-UCRT

Version: 2.4.0
Check: PDF version of manual without hyperrefs or index
Result: ERROR
    Re-running with no redirection of stdout/stderr.
Flavor: r-devel-windows-x86_64-gcc10-UCRT