CRAN Package Check Results for Package CoRpower

Last updated on 2021-10-27 04:00:05 CEST.

Flavor Version Tinstall Tcheck Ttotal Status Flags
r-devel-linux-x86_64-debian-clang 1.0.4 8.31 102.40 110.71 NOTE
r-devel-linux-x86_64-debian-gcc 1.0.4 6.98 76.57 83.55 NOTE
r-devel-linux-x86_64-fedora-clang 1.0.4 141.53 NOTE
r-devel-linux-x86_64-fedora-gcc 1.0.4 131.70 NOTE
r-devel-windows-x86_64 1.0.4 13.00 142.00 155.00 NOTE
r-devel-windows-x86_64-gcc10-UCRT 1.0.4 NOTE
r-patched-linux-x86_64 1.0.4 10.46 100.16 110.62 NOTE
r-patched-solaris-x86 1.0.4 192.30 NOTE
r-release-linux-x86_64 1.0.4 8.89 99.51 108.40 NOTE
r-release-macos-arm64 1.0.4 NOTE
r-release-macos-x86_64 1.0.4 NOTE
r-release-windows-ix86+x86_64 1.0.4 13.00 131.00 144.00 NOTE
r-oldrel-macos-x86_64 1.0.4 OK
r-oldrel-windows-ix86+x86_64 1.0.4 20.00 130.00 150.00 OK

Check Details

Version: 1.0.4
Check: LazyData
Result: NOTE
     'LazyData' is specified without a 'data' directory
Flavors: r-devel-linux-x86_64-debian-clang, r-devel-linux-x86_64-debian-gcc, r-devel-linux-x86_64-fedora-clang, r-devel-linux-x86_64-fedora-gcc, r-devel-windows-x86_64, r-devel-windows-x86_64-gcc10-UCRT, r-patched-linux-x86_64, r-patched-solaris-x86, r-release-linux-x86_64, r-release-macos-arm64, r-release-macos-x86_64, r-release-windows-ix86+x86_64