CRAN Package Check Results for Package CommEcol

Last updated on 2021-09-21 06:48:15 CEST.

Flavor Version Tinstall Tcheck Ttotal Status Flags
r-devel-linux-x86_64-debian-clang 1.7.1 25.36 247.05 272.41 OK
r-devel-linux-x86_64-debian-gcc 1.7.1 22.19 182.91 205.10 OK
r-devel-linux-x86_64-fedora-clang 1.7.1 332.19 OK
r-devel-linux-x86_64-fedora-gcc 1.7.1 318.70 OK
r-devel-windows-x86_64 1.7.1 28.00 206.00 234.00 OK
r-devel-windows-x86_64-gcc10-UCRT 1.7.1 ERROR
r-patched-linux-x86_64 1.7.1 24.29 232.54 256.83 OK
r-patched-solaris-x86 1.7.1 478.80 OK
r-release-linux-x86_64 1.7.1 23.05 231.57 254.62 OK
r-release-macos-arm64 1.7.1 OK
r-release-macos-x86_64 1.7.1 OK
r-release-windows-ix86+x86_64 1.7.1 61.00 283.00 344.00 OK
r-oldrel-macos-x86_64 1.7.1 OK
r-oldrel-windows-ix86+x86_64 1.7.1 61.00 200.00 261.00 OK

Check Details

Version: 1.7.1
Check: whether package can be installed
Result: ERROR
    Installation failed.
Flavor: r-devel-windows-x86_64-gcc10-UCRT