CRAN Package Check Results for Package Compind

Last updated on 2021-09-25 06:49:15 CEST.

Flavor Version Tinstall Tcheck Ttotal Status Flags
r-devel-linux-x86_64-debian-clang 2.2 23.91 211.23 235.14 OK
r-devel-linux-x86_64-debian-gcc 2.2 19.11 154.92 174.03 ERROR
r-devel-linux-x86_64-fedora-clang 2.2 287.04 OK
r-devel-linux-x86_64-fedora-gcc 2.2 277.36 ERROR
r-devel-windows-x86_64 2.2 25.00 185.00 210.00 OK
r-devel-windows-x86_64-gcc10-UCRT 2.2 OK
r-patched-linux-x86_64 2.2 20.26 198.39 218.65 OK
r-patched-solaris-x86 2.2 398.10 OK
r-release-linux-x86_64 2.2 20.75 197.37 218.12 OK
r-release-macos-arm64 2.2 OK
r-release-macos-x86_64 2.2 OK
r-release-windows-ix86+x86_64 2.2 52.00 255.00 307.00 OK
r-oldrel-macos-x86_64 2.2 OK
r-oldrel-windows-ix86+x86_64 2.2 34.00 185.00 219.00 OK

Additional issues

M1mac

Check Details

Version: 2.2
Check: examples
Result: ERROR
    Running examples in ‘Compind-Ex.R’ failed
    The error most likely occurred in:
    
    > base::assign(".ptime", proc.time(), pos = "CheckExEnv")
    > ### Name: ci_smaa_constr
    > ### Title: Constrained stochastic multi-objective acceptability analysis
    > ### (C-SMAA)
    > ### Aliases: ci_smaa_constr
    >
    > ### ** Examples
    >
    > data(EU_NUTS1)
    >
    > # Standard SMAA
    > test <- ci_smaa_constr(EU_NUTS1,c(2,3), rep=200, label = EU_NUTS1[,1])
    > source("http://www.phaget4.org/R/myImagePlot.R")
    Warning in file(filename, "r", encoding = encoding) :
     URL 'http://www.phaget4.org/R/myImagePlot.R': Timeout of 60 seconds was reached
    Error in file(filename, "r", encoding = encoding) :
     cannot open the connection to 'http://www.phaget4.org/R/myImagePlot.R'
    Calls: source -> file
    Execution halted
Flavor: r-devel-linux-x86_64-debian-gcc

Version: 2.2
Check: examples
Result: ERROR
    Running examples in ‘Compind-Ex.R’ failed
    The error most likely occurred in:
    
    > ### Name: ci_smaa_constr
    > ### Title: Constrained stochastic multi-objective acceptability analysis
    > ### (C-SMAA)
    > ### Aliases: ci_smaa_constr
    >
    > ### ** Examples
    >
    > data(EU_NUTS1)
    >
    > # Standard SMAA
    > test <- ci_smaa_constr(EU_NUTS1,c(2,3), rep=200, label = EU_NUTS1[,1])
    > source("http://www.phaget4.org/R/myImagePlot.R")
    Warning in file(filename, "r", encoding = encoding) :
     URL 'http://www.phaget4.org/R/myImagePlot.R': Timeout of 60 seconds was reached
    Error in file(filename, "r", encoding = encoding) :
     cannot open the connection to 'http://www.phaget4.org/R/myImagePlot.R'
    Calls: source -> file
    Execution halted
Flavor: r-devel-linux-x86_64-fedora-gcc