CRAN Package Check Results for Package Copula.surv

Last updated on 2021-09-27 06:48:19 CEST.

Flavor Version Tinstall Tcheck Ttotal Status Flags
r-devel-linux-x86_64-debian-clang 1.1 2.50 29.39 31.89 NOTE
r-devel-linux-x86_64-debian-gcc 1.1 1.83 22.17 24.00 NOTE
r-devel-linux-x86_64-fedora-clang 1.1 47.25 NOTE
r-devel-linux-x86_64-fedora-gcc 1.1 36.18 NOTE
r-devel-windows-x86_64 1.1 4.00 30.00 34.00 NOTE
r-devel-windows-x86_64-gcc10-UCRT 1.1 NOTE
r-patched-linux-x86_64 1.1 2.55 28.71 31.26 NOTE
r-patched-solaris-x86 1.1 55.30 NOTE
r-release-linux-x86_64 1.1 2.23 29.37 31.60 NOTE
r-release-macos-arm64 1.1 NOTE
r-release-macos-x86_64 1.1 NOTE
r-release-windows-ix86+x86_64 1.1 6.00 42.00 48.00 NOTE
r-oldrel-macos-x86_64 1.1 OK
r-oldrel-windows-ix86+x86_64 1.1 5.00 41.00 46.00 OK

Check Details

Version: 1.1
Check: LazyData
Result: NOTE
     'LazyData' is specified without a 'data' directory
Flavors: r-devel-linux-x86_64-debian-clang, r-devel-linux-x86_64-debian-gcc, r-devel-linux-x86_64-fedora-clang, r-devel-linux-x86_64-fedora-gcc, r-devel-windows-x86_64, r-devel-windows-x86_64-gcc10-UCRT, r-patched-linux-x86_64, r-patched-solaris-x86, r-release-linux-x86_64, r-release-macos-arm64, r-release-macos-x86_64, r-release-windows-ix86+x86_64