CRAN Package Check Results for Package CpGassoc

Last updated on 2021-09-24 06:48:23 CEST.

Flavor Version Tinstall Tcheck Ttotal Status Flags
r-devel-linux-x86_64-debian-clang 2.60 5.63 83.70 89.33 OK
r-devel-linux-x86_64-debian-gcc 2.60 4.71 69.63 74.34 OK
r-devel-linux-x86_64-fedora-clang 2.60 117.15 OK
r-devel-linux-x86_64-fedora-gcc 2.60 105.93 OK
r-devel-windows-x86_64 2.60 7.00 84.00 91.00 OK
r-devel-windows-x86_64-gcc10-UCRT 2.60 OK
r-patched-linux-x86_64 2.60 6.27 81.83 88.10 OK
r-patched-solaris-x86 2.60 152.70 OK
r-release-linux-x86_64 2.60 6.28 80.83 87.11 OK
r-release-macos-arm64 2.60 NOTE
r-release-macos-x86_64 2.60 OK
r-release-windows-ix86+x86_64 2.60 11.00 114.00 125.00 OK
r-oldrel-macos-x86_64 2.60 OK
r-oldrel-windows-ix86+x86_64 2.60 9.00 83.00 92.00 OK

Check Details

Version: 2.60
Check: package dependencies
Result: NOTE
    Package suggested but not available for checking: ‘qvalue’
Flavor: r-release-macos-arm64