CRAN Package Check Results for Package CreditMetrics

Last updated on 2021-09-26 06:49:04 CEST.

Flavor Version Tinstall Tcheck Ttotal Status Flags
r-devel-linux-x86_64-debian-clang 0.0-2 2.15 24.68 26.83 NOTE
r-devel-linux-x86_64-debian-gcc 0.0-2 1.68 19.68 21.36 NOTE
r-devel-linux-x86_64-fedora-clang 0.0-2 42.37 NOTE
r-devel-linux-x86_64-fedora-gcc 0.0-2 31.91 NOTE
r-devel-windows-x86_64 0.0-2 3.00 29.00 32.00 NOTE
r-devel-windows-x86_64-gcc10-UCRT 0.0-2 NOTE
r-patched-linux-x86_64 0.0-2 2.27 24.77 27.04 NOTE
r-patched-solaris-x86 0.0-2 52.10 NOTE
r-release-linux-x86_64 0.0-2 1.90 24.44 26.34 NOTE
r-release-macos-arm64 0.0-2 NOTE
r-release-macos-x86_64 0.0-2 NOTE
r-release-windows-ix86+x86_64 0.0-2 5.00 41.00 46.00 NOTE
r-oldrel-macos-x86_64 0.0-2 NOTE
r-oldrel-windows-ix86+x86_64 0.0-2 7.00 37.00 44.00 NOTE

Check Details

Version: 0.0-2
Check: DESCRIPTION meta-information
Result: NOTE
    Malformed Description field: should contain one or more complete sentences.
Flavors: r-devel-linux-x86_64-debian-clang, r-devel-linux-x86_64-debian-gcc, r-devel-linux-x86_64-fedora-clang, r-devel-linux-x86_64-fedora-gcc, r-devel-windows-x86_64, r-devel-windows-x86_64-gcc10-UCRT, r-patched-linux-x86_64, r-patched-solaris-x86, r-release-linux-x86_64, r-release-macos-arm64, r-release-macos-x86_64, r-release-windows-ix86+x86_64, r-oldrel-macos-x86_64, r-oldrel-windows-ix86+x86_64

Version: 0.0-2
Check: R code for possible problems
Result: NOTE
    cm.CVaR: no visible global function definition for 'quantile'
    cm.hist: no visible global function definition for 'hist'
    cm.quantile: no visible global function definition for 'qnorm'
    cm.rnorm: no visible global function definition for 'rnorm'
    Undefined global functions or variables:
     hist qnorm quantile rnorm
    Consider adding
     importFrom("graphics", "hist")
     importFrom("stats", "qnorm", "quantile", "rnorm")
    to your NAMESPACE file.
Flavors: r-devel-linux-x86_64-debian-clang, r-devel-linux-x86_64-debian-gcc, r-devel-linux-x86_64-fedora-clang, r-devel-linux-x86_64-fedora-gcc, r-devel-windows-x86_64, r-devel-windows-x86_64-gcc10-UCRT, r-patched-linux-x86_64, r-patched-solaris-x86, r-release-linux-x86_64, r-release-macos-arm64, r-release-macos-x86_64, r-release-windows-ix86+x86_64, r-oldrel-macos-x86_64, r-oldrel-windows-ix86+x86_64