CRAN Package Check Results for Package CrossValidate

Last updated on 2021-09-21 06:48:16 CEST.

Flavor Version Tinstall Tcheck Ttotal Status Flags
r-devel-linux-x86_64-debian-clang 2.3.4 6.87 116.60 123.47 OK
r-devel-linux-x86_64-debian-gcc 2.3.4 5.31 85.84 91.15 OK
r-devel-linux-x86_64-fedora-clang 2.3.4 150.45 OK
r-devel-linux-x86_64-fedora-gcc 2.3.4 139.99 OK
r-devel-windows-x86_64 2.3.4 12.00 115.00 127.00 OK
r-devel-windows-x86_64-gcc10-UCRT 2.3.4 ERROR
r-patched-linux-x86_64 2.3.4 9.23 110.88 120.11 OK
r-patched-solaris-x86 2.3.4 184.60 OK
r-release-linux-x86_64 2.3.4 7.21 110.65 117.86 OK
r-release-macos-arm64 2.3.4 OK
r-release-macos-x86_64 2.3.4 OK
r-release-windows-ix86+x86_64 2.3.4 20.00 152.00 172.00 OK
r-oldrel-macos-x86_64 2.3.4 OK
r-oldrel-windows-ix86+x86_64 2.3.4 17.00 114.00 131.00 OK

Check Details

Version: 2.3.4
Check: whether package can be installed
Result: WARN
    Found the following significant warnings:
     WARNING: installation-time patches will not be applied, could not get the patches index
Flavor: r-devel-windows-x86_64-gcc10-UCRT

Version: 2.3.4
Check: PDF version of manual
Result: WARN
    LaTeX errors when creating PDF version.
    This typically indicates Rd problems.
Flavor: r-devel-windows-x86_64-gcc10-UCRT

Version: 2.3.4
Check: PDF version of manual without hyperrefs or index
Result: ERROR
    Re-running with no redirection of stdout/stderr.
Flavor: r-devel-windows-x86_64-gcc10-UCRT