CRAN Package Check Results for Package Cubist

Last updated on 2021-09-23 07:49:31 CEST.

Flavor Version Tinstall Tcheck Ttotal Status Flags
r-devel-linux-x86_64-debian-clang 0.3.0 15.52 45.77 61.29 OK
r-devel-linux-x86_64-debian-gcc 0.3.0 9.97 35.96 45.93 OK
r-devel-linux-x86_64-fedora-clang 0.3.0 81.72 NOTE
r-devel-linux-x86_64-fedora-gcc 0.3.0 70.90 OK
r-devel-windows-x86_64 0.3.0 24.00 56.00 80.00 OK
r-devel-windows-x86_64-gcc10-UCRT 0.3.0 ERROR
r-patched-linux-x86_64 0.3.0 11.68 44.80 56.48 OK
r-patched-solaris-x86 0.3.0 108.20 OK
r-release-linux-x86_64 0.3.0 12.15 44.00 56.15 OK
r-release-macos-arm64 0.3.0 OK
r-release-macos-x86_64 0.3.0 OK
r-release-windows-ix86+x86_64 0.3.0 55.00 89.00 144.00 OK
r-oldrel-macos-x86_64 0.3.0 OK
r-oldrel-windows-ix86+x86_64 0.3.0 44.00 65.00 109.00 OK

Check Details

Version: 0.3.0
Check: Rd cross-references
Result: NOTE
    Undeclared package ‘caret’ in Rd xrefs
Flavor: r-devel-linux-x86_64-fedora-clang

Version: 0.3.0
Check: whether package can be installed
Result: ERROR
    Installation failed.
Flavor: r-devel-windows-x86_64-gcc10-UCRT