CRAN Package Check Results for Package CytobankAPI

Last updated on 2021-09-18 09:53:20 CEST.

Flavor Version Tinstall Tcheck Ttotal Status Flags
r-devel-linux-x86_64-debian-clang 1.3.0 11.40 44.97 56.37 OK
r-devel-linux-x86_64-debian-gcc 1.3.0 7.64 34.84 42.48 OK
r-devel-linux-x86_64-fedora-clang 1.3.0 76.62 OK
r-devel-linux-x86_64-fedora-gcc 1.3.0 64.80 OK
r-devel-windows-x86_64 1.3.0 11.00 55.00 66.00 OK
r-devel-windows-x86_64-gcc10-UCRT 1.3.0 OK
r-patched-linux-x86_64 1.3.0 10.41 44.73 55.14 OK
r-patched-solaris-x86 1.3.0 92.70 NOTE
r-release-linux-x86_64 1.3.0 8.18 44.04 52.22 OK
r-release-macos-arm64 1.3.0 OK
r-release-macos-x86_64 1.3.0 OK
r-release-windows-ix86+x86_64 1.3.0 17.00 69.00 86.00 OK
r-oldrel-macos-x86_64 1.3.0 OK
r-oldrel-windows-ix86+x86_64 1.3.0 15.00 64.00 79.00 OK

Check Details

Version: 1.3.0
Check: installed package size
Result: NOTE
     installed size is 5.2Mb
     sub-directories of 1Mb or more:
     doc 4.3Mb
Flavor: r-patched-solaris-x86