CRAN Package Check Results for Package DAAG

Last updated on 2021-09-21 06:48:17 CEST.

Flavor Version Tinstall Tcheck Ttotal Status Flags
r-devel-linux-x86_64-debian-clang 1.24 8.58 107.33 115.91 OK
r-devel-linux-x86_64-debian-gcc 1.24 7.35 82.43 89.78 OK
r-devel-linux-x86_64-fedora-clang 1.24 146.34 OK
r-devel-linux-x86_64-fedora-gcc 1.24 135.61 OK
r-devel-windows-x86_64 1.24 12.00 131.00 143.00 OK
r-devel-windows-x86_64-gcc10-UCRT 1.24 ERROR
r-patched-linux-x86_64 1.24 13.35 105.76 119.11 OK
r-patched-solaris-x86 1.24 185.40 OK
r-release-linux-x86_64 1.24 9.98 104.55 114.53 OK
r-release-macos-arm64 1.24 OK
r-release-macos-x86_64 1.24 OK
r-release-windows-ix86+x86_64 1.24 17.00 172.00 189.00 OK
r-oldrel-macos-x86_64 1.24 OK
r-oldrel-windows-ix86+x86_64 1.24 18.00 168.00 186.00 OK

Check Details

Version: 1.24
Check: whether package can be installed
Result: WARN
    Found the following significant warnings:
     WARNING: installation-time patches will not be applied, could not get the patches index
Flavor: r-devel-windows-x86_64-gcc10-UCRT

Version: 1.24
Check: PDF version of manual
Result: WARN
    LaTeX errors when creating PDF version.
    This typically indicates Rd problems.
Flavor: r-devel-windows-x86_64-gcc10-UCRT

Version: 1.24
Check: PDF version of manual without hyperrefs or index
Result: ERROR
    Re-running with no redirection of stdout/stderr.
Flavor: r-devel-windows-x86_64-gcc10-UCRT