Last updated on 2022-08-10 01:49:06 CEST.
Flavor | Version | Tinstall | Tcheck | Ttotal | Status | Flags |
---|---|---|---|---|---|---|
r-devel-linux-x86_64-debian-clang | 1.1.2 | 195.45 | 290.92 | 486.37 | OK | |
r-devel-linux-x86_64-debian-gcc | 1.1.2 | 157.69 | 218.99 | 376.68 | OK | |
r-devel-linux-x86_64-fedora-clang | 1.1.2 | 674.65 | NOTE | |||
r-devel-linux-x86_64-fedora-gcc | 1.1.2 | 637.27 | OK | |||
r-devel-windows-x86_64 | 1.1.2 | 154.00 | 359.00 | 513.00 | OK | |
r-patched-linux-x86_64 | 1.1.2 | 167.38 | 287.33 | 454.71 | OK | |
r-release-linux-x86_64 | 1.1.2 | OK | ||||
r-release-macos-arm64 | 1.1.2 | 155.00 | NOTE | |||
r-release-macos-x86_64 | 1.1.2 | 234.00 | NOTE | |||
r-release-windows-x86_64 | 1.1.2 | 181.00 | 370.00 | 551.00 | OK | |
r-oldrel-macos-arm64 | 1.1.2 | 166.00 | NOTE | |||
r-oldrel-macos-x86_64 | 1.1.2 | 192.00 | NOTE | |||
r-oldrel-windows-ix86+x86_64 | 1.1.2 | 494.00 | 576.00 | 1070.00 | NOTE |
Version: 1.1.2
Check: installed package size
Result: NOTE
installed size is 6.4Mb
sub-directories of 1Mb or more:
data 1.9Mb
libs 3.8Mb
Flavors: r-devel-linux-x86_64-fedora-clang, r-release-macos-arm64, r-release-macos-x86_64, r-oldrel-macos-arm64, r-oldrel-macos-x86_64, r-oldrel-windows-ix86+x86_64