CRAN Package Check Results for Package DECIDE

Last updated on 2021-09-26 06:49:04 CEST.

Flavor Version Tinstall Tcheck Ttotal Status Flags
r-devel-linux-x86_64-debian-clang 1.2 3.48 27.90 31.38 NOTE
r-devel-linux-x86_64-debian-gcc 1.2 2.77 21.22 23.99 NOTE
r-devel-linux-x86_64-fedora-clang 1.2 46.89 NOTE
r-devel-linux-x86_64-fedora-gcc 1.2 35.61 NOTE
r-devel-windows-x86_64 1.2 4.00 30.00 34.00 NOTE
r-devel-windows-x86_64-gcc10-UCRT 1.2 NOTE
r-patched-linux-x86_64 1.2 3.56 27.15 30.71 NOTE
r-patched-solaris-x86 1.2 52.90 NOTE
r-release-linux-x86_64 1.2 3.17 27.71 30.88 NOTE
r-release-macos-arm64 1.2 NOTE
r-release-macos-x86_64 1.2 NOTE
r-release-windows-ix86+x86_64 1.2 7.00 39.00 46.00 NOTE
r-oldrel-macos-x86_64 1.2 NOTE
r-oldrel-windows-ix86+x86_64 1.2 7.00 37.00 44.00 NOTE

Check Details

Version: 1.2
Check: R code for possible problems
Result: NOTE
    compare.relimp: no visible global function definition for 'qchisq'
    compare.relimp: no visible global function definition for 'pchisq'
    plot_transition: no visible global function definition for 'dnorm'
    plot_transition: no visible global function definition for 'par'
    plot_transition: no visible global function definition for 'lines'
    plot_transition: no visible global function definition for 'plogis'
    plot_transition: no visible global function definition for 'axis'
    plot_transition: no visible global function definition for 'mtext'
    relative.importance: no visible global function definition for 'glm'
    relative.importance: no visible global function definition for 'sd'
    relative.importance : tr.pr: no visible global function definition for
     'pnorm'
    relative.importance: no visible global function definition for 'vcov'
    Undefined global functions or variables:
     axis dnorm glm lines mtext par pchisq plogis pnorm qchisq sd vcov
    Consider adding
     importFrom("graphics", "axis", "lines", "mtext", "par")
     importFrom("stats", "dnorm", "glm", "pchisq", "plogis", "pnorm",
     "qchisq", "sd", "vcov")
    to your NAMESPACE file.
Flavors: r-devel-linux-x86_64-debian-clang, r-devel-linux-x86_64-debian-gcc, r-devel-linux-x86_64-fedora-clang, r-devel-linux-x86_64-fedora-gcc, r-devel-windows-x86_64, r-devel-windows-x86_64-gcc10-UCRT, r-patched-linux-x86_64, r-patched-solaris-x86, r-release-linux-x86_64, r-release-macos-arm64, r-release-macos-x86_64, r-release-windows-ix86+x86_64, r-oldrel-macos-x86_64, r-oldrel-windows-ix86+x86_64