CRAN Package Check Results for Package DEEVD

Last updated on 2021-09-27 06:48:20 CEST.

Flavor Version Tinstall Tcheck Ttotal Status Flags
r-devel-linux-x86_64-debian-clang 1.2.1 2.08 22.40 24.48 NOTE
r-devel-linux-x86_64-debian-gcc 1.2.1 1.57 17.38 18.95 NOTE
r-devel-linux-x86_64-fedora-clang 1.2.1 38.02 NOTE
r-devel-linux-x86_64-fedora-gcc 1.2.1 27.94 NOTE
r-devel-windows-x86_64 1.2.1 4.00 30.00 34.00 NOTE
r-devel-windows-x86_64-gcc10-UCRT 1.2.1 NOTE
r-patched-linux-x86_64 1.2.1 2.29 21.55 23.84 NOTE
r-patched-solaris-x86 1.2.1 45.00 NOTE
r-release-linux-x86_64 1.2.1 1.90 22.08 23.98 NOTE
r-release-macos-arm64 1.2.1 NOTE
r-release-macos-x86_64 1.2.1 NOTE
r-release-windows-ix86+x86_64 1.2.1 6.00 37.00 43.00 NOTE
r-oldrel-macos-x86_64 1.2.1 OK
r-oldrel-windows-ix86+x86_64 1.2.1 4.00 27.00 31.00 OK

Check Details

Version: 1.2.1
Check: LazyData
Result: NOTE
     'LazyData' is specified without a 'data' directory
Flavors: r-devel-linux-x86_64-debian-clang, r-devel-linux-x86_64-debian-gcc, r-devel-linux-x86_64-fedora-clang, r-devel-linux-x86_64-fedora-gcc, r-devel-windows-x86_64, r-devel-windows-x86_64-gcc10-UCRT, r-patched-linux-x86_64, r-patched-solaris-x86, r-release-linux-x86_64, r-release-macos-arm64, r-release-macos-x86_64, r-release-windows-ix86+x86_64