CRAN Package Check Results for Package DEoptimR

Last updated on 2021-09-17 06:48:41 CEST.

Flavor Version Tinstall Tcheck Ttotal Status Flags
r-devel-linux-x86_64-debian-clang 1.0-9 1.92 36.10 38.02 OK
r-devel-linux-x86_64-debian-gcc 1.0-9 1.58 26.95 28.53 OK
r-devel-linux-x86_64-fedora-clang 1.0-9 53.31 NOTE
r-devel-linux-x86_64-fedora-gcc 1.0-9 43.22 OK
r-devel-windows-x86_64 1.0-9 4.00 50.00 54.00 OK
r-devel-windows-x86_64-gcc10-UCRT 1.0-9 OK
r-patched-linux-x86_64 1.0-9 2.33 34.60 36.93 OK
r-patched-solaris-x86 1.0-9 64.80 OK
r-release-linux-x86_64 1.0-9 2.07 34.59 36.66 OK
r-release-macos-arm64 1.0-9 OK
r-release-macos-x86_64 1.0-9 OK
r-release-windows-ix86+x86_64 1.0-9 5.00 53.00 58.00 OK
r-oldrel-macos-x86_64 1.0-9 OK
r-oldrel-windows-ix86+x86_64 1.0-9 3.00 41.00 44.00 OK

Check Details

Version: 1.0-9
Check: Rd cross-references
Result: NOTE
    Undeclared package ‘DEoptim’ in Rd xrefs
Flavor: r-devel-linux-x86_64-fedora-clang