CRAN Package Check Results for Package DIZutils

Last updated on 2021-09-20 07:50:28 CEST.

Flavor Version Tinstall Tcheck Ttotal Status Flags
r-devel-linux-x86_64-debian-clang 0.0.8 3.32 30.74 34.06 OK
r-devel-linux-x86_64-debian-gcc 0.0.8 2.49 24.14 26.63 OK
r-devel-linux-x86_64-fedora-clang 0.0.8 49.74 OK
r-devel-linux-x86_64-fedora-gcc 0.0.8 39.47 OK
r-devel-windows-x86_64 0.0.8 4.00 37.00 41.00 OK
r-devel-windows-x86_64-gcc10-UCRT 0.0.8 ERROR
r-patched-linux-x86_64 0.0.8 3.56 29.70 33.26 OK
r-patched-solaris-x86 0.0.8 62.30 OK
r-release-linux-x86_64 0.0.8 3.09 29.92 33.01 OK
r-release-macos-arm64 0.0.8 OK
r-release-macos-x86_64 0.0.8 OK
r-release-windows-ix86+x86_64 0.0.8 8.00 48.00 56.00 OK
r-oldrel-macos-x86_64 0.0.8 OK
r-oldrel-windows-ix86+x86_64 0.0.8 9.00 35.00 44.00 OK

Check Details

Version: 0.0.8
Check: whether package can be installed
Result: WARN
    Found the following significant warnings:
     WARNING: installation-time patches will not be applied, could not get the patches index
Flavor: r-devel-windows-x86_64-gcc10-UCRT

Version: 0.0.8
Check: PDF version of manual
Result: WARN
    LaTeX errors when creating PDF version.
    This typically indicates Rd problems.
Flavor: r-devel-windows-x86_64-gcc10-UCRT

Version: 0.0.8
Check: PDF version of manual without hyperrefs or index
Result: ERROR
    Re-running with no redirection of stdout/stderr.
Flavor: r-devel-windows-x86_64-gcc10-UCRT