CRAN Package Check Results for Package DRaWR

Last updated on 2021-09-27 06:48:21 CEST.

Flavor Version Tinstall Tcheck Ttotal Status Flags
r-devel-linux-x86_64-debian-clang 1.0.1 7.47 62.98 70.45 NOTE
r-devel-linux-x86_64-debian-gcc 1.0.1 6.04 49.23 55.27 NOTE
r-devel-linux-x86_64-fedora-clang 1.0.1 91.67 NOTE
r-devel-linux-x86_64-fedora-gcc 1.0.1 82.21 NOTE
r-devel-windows-x86_64 1.0.1 10.00 61.00 71.00 NOTE
r-devel-windows-x86_64-gcc10-UCRT 1.0.1 NOTE
r-patched-linux-x86_64 1.0.1 7.86 60.96 68.82 NOTE
r-patched-solaris-x86 1.0.1 123.00 NOTE
r-release-linux-x86_64 1.0.1 6.01 60.82 66.83 NOTE
r-release-macos-arm64 1.0.1 NOTE
r-release-macos-x86_64 1.0.1 NOTE
r-release-windows-ix86+x86_64 1.0.1 16.00 80.00 96.00 NOTE
r-oldrel-macos-x86_64 1.0.1 NOTE
r-oldrel-windows-ix86+x86_64 1.0.1 12.00 61.00 73.00 NOTE

Check Details

Version: 1.0.1
Check: R code for possible problems
Result: NOTE
    DRaWR: no visible global function definition for 'write.table'
    DRaWR: no visible global function definition for 'read.table'
    DRaWR: no visible global function definition for 'aggregate'
    DRaWR: no visible global function definition for 'slot'
    Undefined global functions or variables:
     aggregate read.table slot write.table
    Consider adding
     importFrom("methods", "slot")
     importFrom("stats", "aggregate")
     importFrom("utils", "read.table", "write.table")
    to your NAMESPACE file (and ensure that your DESCRIPTION Imports field
    contains 'methods').
Flavors: r-devel-linux-x86_64-debian-clang, r-devel-linux-x86_64-debian-gcc, r-devel-linux-x86_64-fedora-clang, r-devel-linux-x86_64-fedora-gcc, r-devel-windows-x86_64, r-devel-windows-x86_64-gcc10-UCRT, r-patched-linux-x86_64, r-patched-solaris-x86, r-release-linux-x86_64, r-release-macos-arm64, r-release-macos-x86_64, r-release-windows-ix86+x86_64, r-oldrel-macos-x86_64, r-oldrel-windows-ix86+x86_64

Version: 1.0.1
Check: for non-standard things in the check directory
Result: NOTE
    Found the following files/directories:
     'output_sample.uni.sample.undir.weight.type.50.1e-04.0.7.base'
     'output_sample.uni.sample.undir.weight.type.50.1e-04.1.1.0.7.sample.setlist.stats'
Flavors: r-devel-linux-x86_64-debian-clang, r-devel-linux-x86_64-debian-gcc, r-devel-linux-x86_64-fedora-clang, r-devel-linux-x86_64-fedora-gcc, r-patched-linux-x86_64, r-patched-solaris-x86, r-release-linux-x86_64