CRAN Package Check Results for Package DataFakeR

Last updated on 2021-11-27 08:50:34 CET.

Flavor Version Tinstall Tcheck Ttotal Status Flags
r-devel-linux-x86_64-debian-clang 0.1.2 OK
r-devel-linux-x86_64-debian-gcc 0.1.2 4.45 38.46 42.91 OK
r-devel-linux-x86_64-fedora-clang 0.1.2 78.63 NOTE
r-devel-linux-x86_64-fedora-gcc 0.1.2 66.80 NOTE
r-devel-windows-x86_64-new-UL 0.1.2 17.00 128.00 145.00 OK
r-devel-windows-x86_64-new-TK 0.1.2 NOTE
r-devel-windows-x86_64-old 0.1.2 8.00 71.00 79.00 OK
r-patched-linux-x86_64 0.1.2 4.84 51.59 56.43 OK
r-patched-solaris-x86 0.1.2 80.10 NOTE
r-release-linux-x86_64 0.1.2 OK
r-release-macos-arm64 0.1.2 NOTE
r-release-macos-x86_64 0.1.2 NOTE
r-release-windows-ix86+x86_64 0.1.2 10.00 88.00 98.00 OK
r-oldrel-macos-x86_64 0.1.2 NOTE
r-oldrel-windows-ix86+x86_64 0.1.2 15.00 77.00 92.00 OK

Check Details

Version: 0.1.2
Check: dependencies in R code
Result: NOTE
    Namespace in Imports field not imported from: ‘R6’
     All declared Imports should be used.
Flavors: r-devel-linux-x86_64-fedora-clang, r-devel-linux-x86_64-fedora-gcc, r-devel-windows-x86_64-new-TK, r-patched-solaris-x86, r-release-macos-arm64, r-release-macos-x86_64, r-oldrel-macos-x86_64