CRAN Package Check Results for Package DataSpaceR

Last updated on 2021-09-22 06:48:21 CEST.

Flavor Version Tinstall Tcheck Ttotal Status Flags
r-devel-linux-x86_64-debian-clang 0.7.5 6.44 40.97 47.41 OK
r-devel-linux-x86_64-debian-gcc 0.7.5 5.98 31.97 37.95 OK
r-devel-linux-x86_64-fedora-clang 0.7.5 69.11 OK
r-devel-linux-x86_64-fedora-gcc 0.7.5 55.43 OK
r-devel-windows-x86_64 0.7.5 8.00 57.00 65.00 OK
r-devel-windows-x86_64-gcc10-UCRT 0.7.5 ERROR
r-patched-linux-x86_64 0.7.5 6.33 40.84 47.17 OK
r-patched-solaris-x86 0.7.5 81.70 OK
r-release-linux-x86_64 0.7.5 6.05 41.07 47.12 OK
r-release-macos-arm64 0.7.5 OK
r-release-macos-x86_64 0.7.5 OK
r-release-windows-ix86+x86_64 0.7.5 13.00 62.00 75.00 OK
r-oldrel-macos-x86_64 0.7.5 OK
r-oldrel-windows-ix86+x86_64 0.7.5 12.00 63.00 75.00 OK

Check Details

Version: 0.7.5
Check: PDF version of manual
Result: WARN
    LaTeX errors when creating PDF version.
    This typically indicates Rd problems.
Flavor: r-devel-windows-x86_64-gcc10-UCRT

Version: 0.7.5
Check: PDF version of manual without hyperrefs or index
Result: ERROR
    Re-running with no redirection of stdout/stderr.
Flavor: r-devel-windows-x86_64-gcc10-UCRT