Last updated on 2023-05-28 01:53:55 CEST.
Flavor | Version | Tinstall | Tcheck | Ttotal | Status | Flags |
---|---|---|---|---|---|---|
r-devel-linux-x86_64-debian-clang | 1.1 | 3.32 | 33.37 | 36.69 | NOTE | |
r-devel-linux-x86_64-debian-gcc | 1.1 | 2.73 | 25.93 | 28.66 | NOTE | |
r-devel-linux-x86_64-fedora-clang | 1.1 | 46.78 | NOTE | |||
r-devel-linux-x86_64-fedora-gcc | 1.1 | 43.46 | NOTE | |||
r-devel-windows-x86_64 | 1.1 | 4.00 | 45.00 | 49.00 | NOTE | |
r-patched-linux-x86_64 | 1.1 | 3.06 | 32.08 | 35.14 | NOTE | |
r-release-linux-x86_64 | 1.1 | 2.98 | 32.30 | 35.28 | NOTE | |
r-release-macos-arm64 | 1.1 | 17.00 | NOTE | |||
r-release-macos-x86_64 | 1.1 | 24.00 | NOTE | |||
r-release-windows-x86_64 | 1.1 | 4.00 | 49.00 | 53.00 | NOTE | |
r-oldrel-macos-arm64 | 1.1 | 17.00 | NOTE | |||
r-oldrel-macos-x86_64 | 1.1 | 25.00 | NOTE | |||
r-oldrel-windows-x86_64 | 1.1 | 4.00 | 52.00 | 56.00 | NOTE |
Version: 1.1
Check: LazyData
Result: NOTE
'LazyData' is specified without a 'data' directory
Flavors: r-devel-linux-x86_64-debian-clang, r-devel-linux-x86_64-debian-gcc, r-devel-linux-x86_64-fedora-clang, r-devel-linux-x86_64-fedora-gcc, r-devel-windows-x86_64, r-patched-linux-x86_64, r-release-linux-x86_64, r-release-macos-arm64, r-release-macos-x86_64, r-release-windows-x86_64, r-oldrel-macos-arm64, r-oldrel-macos-x86_64, r-oldrel-windows-x86_64