CRAN Package Check Results for Package DrInsight

Last updated on 2021-09-19 06:48:54 CEST.

Flavor Version Tinstall Tcheck Ttotal Status Flags
r-devel-linux-x86_64-debian-clang 0.1.2 7.15 101.12 108.27 OK
r-devel-linux-x86_64-debian-gcc 0.1.2 5.67 76.59 82.26 OK
r-devel-linux-x86_64-fedora-clang 0.1.2 148.53 OK
r-devel-linux-x86_64-fedora-gcc 0.1.2 131.29 OK
r-devel-windows-x86_64 0.1.2 12.00 90.00 102.00 OK
r-devel-windows-x86_64-gcc10-UCRT 0.1.2 ERROR
r-patched-linux-x86_64 0.1.2 7.37 95.05 102.42 OK
r-patched-solaris-x86 0.1.2 193.00 OK
r-release-linux-x86_64 0.1.2 7.85 95.08 102.93 OK
r-release-macos-arm64 0.1.2 ERROR
r-release-macos-x86_64 0.1.2 OK
r-release-windows-ix86+x86_64 0.1.2 26.00 121.00 147.00 OK
r-oldrel-macos-x86_64 0.1.2 OK
r-oldrel-windows-ix86+x86_64 0.1.2 24.00 125.00 149.00 OK

Check Details

Version: 0.1.2
Check: whether package can be installed
Result: WARN
    Found the following significant warnings:
     WARNING: installation-time patches will not be applied, could not get the patches index
Flavor: r-devel-windows-x86_64-gcc10-UCRT

Version: 0.1.2
Check: PDF version of manual
Result: WARN
    LaTeX errors when creating PDF version.
    This typically indicates Rd problems.
Flavor: r-devel-windows-x86_64-gcc10-UCRT

Version: 0.1.2
Check: PDF version of manual without hyperrefs or index
Result: ERROR
    Re-running with no redirection of stdout/stderr.
Flavor: r-devel-windows-x86_64-gcc10-UCRT

Version: 0.1.2
Check: package dependencies
Result: ERROR
    Package required but not available: ‘qusage’
    
    See section ‘The DESCRIPTION file’ in the ‘Writing R Extensions’
    manual.
Flavor: r-release-macos-arm64