CRAN Package Check Results for Package DrugClust

Last updated on 2021-09-19 06:48:54 CEST.

Flavor Version Tinstall Tcheck Ttotal Status Flags
r-devel-linux-x86_64-debian-clang 0.2 3.16 28.84 32.00 NOTE
r-devel-linux-x86_64-debian-gcc 0.2 2.22 22.36 24.58 NOTE
r-devel-linux-x86_64-fedora-clang 0.2 49.84 NOTE
r-devel-linux-x86_64-fedora-gcc 0.2 36.62 NOTE
r-devel-windows-x86_64 0.2 6.00 36.00 42.00 NOTE
r-devel-windows-x86_64-gcc10-UCRT 0.2 ERROR
r-patched-linux-x86_64 0.2 3.10 27.78 30.88 NOTE
r-patched-solaris-x86 0.2 55.70 NOTE
r-release-linux-x86_64 0.2 2.45 27.71 30.16 NOTE
r-release-macos-arm64 0.2 NOTE
r-release-macos-x86_64 0.2 NOTE
r-release-windows-ix86+x86_64 0.2 8.00 45.00 53.00 NOTE
r-oldrel-macos-x86_64 0.2 OK
r-oldrel-windows-ix86+x86_64 0.2 7.00 37.00 44.00 OK

Check Details

Version: 0.2
Check: LazyData
Result: NOTE
     'LazyData' is specified without a 'data' directory
Flavors: r-devel-linux-x86_64-debian-clang, r-devel-linux-x86_64-debian-gcc, r-devel-linux-x86_64-fedora-clang, r-devel-linux-x86_64-fedora-gcc, r-devel-windows-x86_64, r-devel-windows-x86_64-gcc10-UCRT, r-patched-linux-x86_64, r-patched-solaris-x86, r-release-linux-x86_64, r-release-macos-arm64, r-release-macos-x86_64, r-release-windows-ix86+x86_64

Version: 0.2
Check: whether package can be installed
Result: WARN
    Found the following significant warnings:
     WARNING: installation-time patches will not be applied, could not get the patches index
Flavor: r-devel-windows-x86_64-gcc10-UCRT

Version: 0.2
Check: PDF version of manual
Result: WARN
    LaTeX errors when creating PDF version.
    This typically indicates Rd problems.
Flavor: r-devel-windows-x86_64-gcc10-UCRT

Version: 0.2
Check: PDF version of manual without hyperrefs or index
Result: ERROR
    Re-running with no redirection of stdout/stderr.
Flavor: r-devel-windows-x86_64-gcc10-UCRT