CRAN Package Check Results for Package DynComm

Last updated on 2021-09-17 06:48:42 CEST.

Flavor Version Tinstall Tcheck Ttotal Status Flags
r-devel-linux-x86_64-debian-clang 2020.1.6 45.03 56.79 101.82 OK
r-devel-linux-x86_64-debian-gcc 2020.1.6 31.72 43.48 75.20 OK
r-devel-linux-x86_64-fedora-clang 2020.1.6 140.78 OK
r-devel-linux-x86_64-fedora-gcc 2020.1.6 130.74 OK
r-devel-windows-x86_64 2020.1.6 38.00 95.00 133.00 OK
r-devel-windows-x86_64-gcc10-UCRT 2020.1.6 OK
r-patched-linux-x86_64 2020.1.6 38.05 54.42 92.47 OK
r-patched-solaris-x86 2020.1.6 134.40 OK
r-release-linux-x86_64 2020.1.6 42.38 54.48 96.86 OK
r-release-macos-arm64 2020.1.6 NOTE
r-release-macos-x86_64 2020.1.6 NOTE
r-release-windows-ix86+x86_64 2020.1.6 93.00 108.00 201.00 OK
r-oldrel-macos-x86_64 2020.1.6 NOTE
r-oldrel-windows-ix86+x86_64 2020.1.6 61.00 109.00 170.00 OK

Check Details

Version: 2020.1.6
Check: installed package size
Result: NOTE
     installed size is 7.4Mb
     sub-directories of 1Mb or more:
     libs 7.2Mb
Flavors: r-release-macos-arm64, r-release-macos-x86_64, r-oldrel-macos-x86_64