CRAN Package Check Results for Package DynNom

Last updated on 2021-09-17 06:48:42 CEST.

Flavor Version Tinstall Tcheck Ttotal Status Flags
r-devel-linux-x86_64-debian-clang 5.0.1 16.95 126.67 143.62 NOTE
r-devel-linux-x86_64-debian-gcc 5.0.1 12.57 91.30 103.87 NOTE
r-devel-linux-x86_64-fedora-clang 5.0.1 177.74 NOTE
r-devel-linux-x86_64-fedora-gcc 5.0.1 160.59 NOTE
r-devel-windows-x86_64 5.0.1 20.00 157.00 177.00 NOTE
r-devel-windows-x86_64-gcc10-UCRT 5.0.1 NOTE
r-patched-linux-x86_64 5.0.1 17.13 115.33 132.46 NOTE
r-patched-solaris-x86 5.0.1 228.60 NOTE
r-release-linux-x86_64 5.0.1 16.66 115.62 132.28 NOTE
r-release-macos-arm64 5.0.1 NOTE
r-release-macos-x86_64 5.0.1 NOTE
r-release-windows-ix86+x86_64 5.0.1 39.00 140.00 179.00 NOTE
r-oldrel-macos-x86_64 5.0.1 OK
r-oldrel-windows-ix86+x86_64 5.0.1 31.00 145.00 176.00 OK

Check Details

Version: 5.0.1
Check: LazyData
Result: NOTE
     'LazyData' is specified without a 'data' directory
Flavors: r-devel-linux-x86_64-debian-clang, r-devel-linux-x86_64-debian-gcc, r-devel-linux-x86_64-fedora-clang, r-devel-linux-x86_64-fedora-gcc, r-devel-windows-x86_64, r-devel-windows-x86_64-gcc10-UCRT, r-patched-linux-x86_64, r-patched-solaris-x86, r-release-linux-x86_64, r-release-macos-arm64, r-release-macos-x86_64, r-release-windows-ix86+x86_64