CRAN Package Check Results for Package DysPIAData

Last updated on 2021-09-27 06:48:21 CEST.

Flavor Version Tinstall Tcheck Ttotal Status Flags
r-devel-linux-x86_64-debian-clang 0.1.2 2.15 32.70 34.85 OK
r-devel-linux-x86_64-debian-gcc 0.1.2 1.56 26.52 28.08 OK
r-devel-linux-x86_64-fedora-clang 0.1.2 51.54 NOTE
r-devel-linux-x86_64-fedora-gcc 0.1.2 40.58 NOTE
r-devel-windows-x86_64 0.1.2 4.00 36.00 40.00 OK
r-devel-windows-x86_64-gcc10-UCRT 0.1.2 NOTE
r-patched-linux-x86_64 0.1.2 2.08 31.98 34.06 OK
r-patched-solaris-x86 0.1.2 67.50 NOTE
r-release-linux-x86_64 0.1.2 2.08 31.98 34.06 OK
r-release-macos-arm64 0.1.2 NOTE
r-release-macos-x86_64 0.1.2 NOTE
r-release-windows-ix86+x86_64 0.1.2 5.00 45.00 50.00 OK
r-oldrel-macos-x86_64 0.1.2 NOTE
r-oldrel-windows-ix86+x86_64 0.1.2 4.00 38.00 42.00 OK

Check Details

Version: 0.1.2
Check: data for non-ASCII characters
Result: NOTE
     Note: found 9 marked UTF-8 strings
Flavors: r-devel-linux-x86_64-fedora-clang, r-devel-linux-x86_64-fedora-gcc, r-devel-windows-x86_64-gcc10-UCRT, r-patched-solaris-x86, r-release-macos-arm64, r-release-macos-x86_64, r-oldrel-macos-x86_64