CRAN Package Check Results for Package EDNE.EQ

Last updated on 2021-09-27 06:48:21 CEST.

Flavor Version Tinstall Tcheck Ttotal Status Flags
r-devel-linux-x86_64-debian-clang 1.0 2.02 28.36 30.38 OK
r-devel-linux-x86_64-debian-gcc 1.0 1.43 21.97 23.40 OK
r-devel-linux-x86_64-fedora-clang 1.0 44.00 NOTE
r-devel-linux-x86_64-fedora-gcc 1.0 32.98 OK
r-devel-windows-x86_64 1.0 4.00 36.00 40.00 OK
r-devel-windows-x86_64-gcc10-UCRT 1.0 OK
r-patched-linux-x86_64 1.0 2.05 27.34 29.39 OK
r-patched-solaris-x86 1.0 54.90 OK
r-release-linux-x86_64 1.0 1.80 27.46 29.26 OK
r-release-macos-arm64 1.0 OK
r-release-macos-x86_64 1.0 OK
r-release-windows-ix86+x86_64 1.0 5.00 43.00 48.00 OK
r-oldrel-macos-x86_64 1.0 OK
r-oldrel-windows-ix86+x86_64 1.0 4.00 37.00 41.00 OK

Check Details

Version: 1.0
Check: Rd cross-references
Result: NOTE
    Undeclared package ‘T2EQ’ in Rd xrefs
Flavor: r-devel-linux-x86_64-fedora-clang