CRAN Package Check Results for Package EFDR

Last updated on 2021-09-20 07:50:30 CEST.

Flavor Version Tinstall Tcheck Ttotal Status Flags
r-devel-linux-x86_64-debian-clang 1.2 14.03 121.24 135.27 OK
r-devel-linux-x86_64-debian-gcc 1.2 11.59 89.39 100.98 OK
r-devel-linux-x86_64-fedora-clang 1.2 176.04 OK
r-devel-linux-x86_64-fedora-gcc 1.2 154.03 OK
r-devel-windows-x86_64 1.2 17.00 104.00 121.00 OK
r-devel-windows-x86_64-gcc10-UCRT 1.2 ERROR
r-patched-linux-x86_64 1.2 12.36 111.68 124.04 OK
r-patched-solaris-x86 1.2 231.00 OK
r-release-linux-x86_64 1.2 10.70 113.12 123.82 OK
r-release-macos-arm64 1.2 OK
r-release-macos-x86_64 1.2 OK
r-release-windows-ix86+x86_64 1.2 33.00 135.00 168.00 OK
r-oldrel-macos-x86_64 1.2 OK
r-oldrel-windows-ix86+x86_64 1.2 32.00 137.00 169.00 OK

Check Details

Version: 1.2
Check: whether package can be installed
Result: WARN
    Found the following significant warnings:
     WARNING: installation-time patches will not be applied, could not get the patches index
Flavor: r-devel-windows-x86_64-gcc10-UCRT

Version: 1.2
Check: PDF version of manual
Result: WARN
    LaTeX errors when creating PDF version.
    This typically indicates Rd problems.
Flavor: r-devel-windows-x86_64-gcc10-UCRT

Version: 1.2
Check: PDF version of manual without hyperrefs or index
Result: ERROR
    Re-running with no redirection of stdout/stderr.
Flavor: r-devel-windows-x86_64-gcc10-UCRT