CRAN Package Check Results for Package EIAdata

Last updated on 2021-09-21 06:48:20 CEST.

Flavor Version Tinstall Tcheck Ttotal Status Flags
r-devel-linux-x86_64-debian-clang 0.1.1 3.32 34.45 37.77 OK
r-devel-linux-x86_64-debian-gcc 0.1.1 2.52 27.33 29.85 OK
r-devel-linux-x86_64-fedora-clang 0.1.1 54.21 OK
r-devel-linux-x86_64-fedora-gcc 0.1.1 42.21 OK
r-devel-windows-x86_64 0.1.1 4.00 37.00 41.00 ERROR
r-devel-windows-x86_64-gcc10-UCRT 0.1.1 ERROR
r-patched-linux-x86_64 0.1.1 3.06 33.16 36.22 OK
r-patched-solaris-x86 0.1.1 68.70 OK
r-release-linux-x86_64 0.1.1 3.16 33.00 36.16 OK
r-release-macos-arm64 0.1.1 OK
r-release-macos-x86_64 0.1.1 OK
r-release-windows-ix86+x86_64 0.1.1 9.00 131.00 140.00 ERROR
r-oldrel-macos-x86_64 0.1.1 OK
r-oldrel-windows-ix86+x86_64 0.1.1 8.00 120.00 128.00 ERROR

Check Details

Version: 0.1.1
Check: examples
Result: ERROR
    Running examples in 'EIAdata-Ex.R' failed
    The error most likely occurred in:
    
    > ### Name: EIAdata-package
    > ### Title: R wrapper for the US Energy Information Administration's (EIA's)
    > ### API.
    > ### Aliases: EIAdata-package EIAdata
    > ### Keywords: EIAdata
    >
    > ### ** Examples
    >
    > # The function wngsr will return a list object containing the time
    > # the report was run, and the contents of the US EIA's Weekly
    > # Natural Gas Storage Report. The function has no arguments,
    > # so simply run:
    >
    > wngsr()
    Warning in file(file, "rt") :
     URL 'https://ir.eia.gov/ngs/wngsr.csv': status was 'SSL connect error'
    Error in file(file, "rt") :
     cannot open the connection to 'http://ir.eia.gov/ngs/wngsr.csv'
    Calls: wngsr -> <Anonymous> -> read.table -> file
    Execution halted
Flavor: r-devel-windows-x86_64

Version: 0.1.1
Check: package dependencies
Result: ERROR
    Package required but not available: 'XML'
    
    See section 'The DESCRIPTION file' in the 'Writing R Extensions'
    manual.
Flavor: r-devel-windows-x86_64-gcc10-UCRT

Version: 0.1.1
Check: examples
Result: ERROR
    Running examples in 'EIAdata-Ex.R' failed
    The error most likely occurred in:
    
    > ### Name: EIAdata-package
    > ### Title: R wrapper for the US Energy Information Administration's (EIA's)
    > ### API.
    > ### Aliases: EIAdata-package EIAdata
    > ### Keywords: EIAdata
    >
    > ### ** Examples
    >
    > # The function wngsr will return a list object containing the time
    > # the report was run, and the contents of the US EIA's Weekly
    > # Natural Gas Storage Report. The function has no arguments,
    > # so simply run:
    >
    > wngsr()
    Warning in file(file, "rt") :
     InternetOpenUrl failed: 'Die Serververbindung konnte nicht hergestellt werden.'
    Error in file(file, "rt") : cannot open the connection
    Calls: wngsr -> <Anonymous> -> read.table -> file
    Execution halted
Flavors: r-release-windows-ix86+x86_64, r-oldrel-windows-ix86+x86_64