CRAN Package Check Results for Package ENMeval

Last updated on 2021-10-22 12:59:12 CEST.

Flavor Version Tinstall Tcheck Ttotal Status Flags
r-devel-linux-x86_64-debian-clang 2.0.1 31.61 520.27 551.88 OK
r-devel-linux-x86_64-debian-gcc 2.0.1 23.11 376.14 399.25 OK
r-devel-linux-x86_64-fedora-clang 2.0.1 684.32 NOTE
r-devel-linux-x86_64-fedora-gcc 2.0.1 639.28 NOTE
r-devel-windows-x86_64 2.0.1 54.00 545.00 599.00 OK
r-devel-windows-x86_64-gcc10-UCRT 2.0.1 NOTE
r-patched-linux-x86_64 2.0.1 32.11 499.27 531.38 OK
r-patched-solaris-x86 2.0.1 795.10 NOTE
r-release-linux-x86_64 2.0.1 28.05 498.50 526.55 OK
r-release-macos-arm64 2.0.1 NOTE
r-release-macos-x86_64 2.0.1 NOTE
r-release-windows-ix86+x86_64 2.0.1 71.00 540.00 611.00 OK
r-oldrel-macos-x86_64 2.0.1 NOTE
r-oldrel-windows-ix86+x86_64 2.0.1 38.00 438.00 476.00 OK

Check Details

Version: 2.0.1
Check: dependencies in R code
Result: NOTE
    Namespace in Imports field not imported from: ‘testthat’
     All declared Imports should be used.
Flavors: r-devel-linux-x86_64-fedora-clang, r-devel-linux-x86_64-fedora-gcc, r-devel-windows-x86_64-gcc10-UCRT, r-patched-solaris-x86, r-release-macos-arm64, r-release-macos-x86_64, r-oldrel-macos-x86_64

Version: 2.0.1
Check: data for non-ASCII characters
Result: NOTE
     Note: found 2 marked UTF-8 strings
Flavors: r-devel-linux-x86_64-fedora-clang, r-devel-linux-x86_64-fedora-gcc, r-devel-windows-x86_64-gcc10-UCRT, r-patched-solaris-x86, r-release-macos-arm64, r-release-macos-x86_64, r-oldrel-macos-x86_64