CRAN Package Check Results for Package EWGoF

Last updated on 2021-09-19 06:48:56 CEST.

Flavor Version Tinstall Tcheck Ttotal Status Flags
r-devel-linux-x86_64-debian-clang 2.2.2 91.62 39.47 131.09 NOTE
r-devel-linux-x86_64-debian-gcc 2.2.2 54.63 30.65 85.28 NOTE
r-devel-linux-x86_64-fedora-clang 2.2.2 204.12 NOTE
r-devel-linux-x86_64-fedora-gcc 2.2.2 155.18 NOTE
r-devel-windows-x86_64 2.2.2 89.00 51.00 140.00 NOTE
r-devel-windows-x86_64-gcc10-UCRT 2.2.2 ERROR
r-patched-linux-x86_64 2.2.2 66.47 38.19 104.66 NOTE
r-patched-solaris-x86 2.2.2 157.40 NOTE
r-release-linux-x86_64 2.2.2 66.99 38.74 105.73 NOTE
r-release-macos-arm64 2.2.2 NOTE
r-release-macos-x86_64 2.2.2 NOTE
r-release-windows-ix86+x86_64 2.2.2 209.00 87.00 296.00 NOTE
r-oldrel-macos-x86_64 2.2.2 OK
r-oldrel-windows-ix86+x86_64 2.2.2 203.00 65.00 268.00 OK

Check Details

Version: 2.2.2
Check: LazyData
Result: NOTE
     'LazyData' is specified without a 'data' directory
Flavors: r-devel-linux-x86_64-debian-clang, r-devel-linux-x86_64-debian-gcc, r-devel-linux-x86_64-fedora-clang, r-devel-linux-x86_64-fedora-gcc, r-devel-windows-x86_64, r-patched-linux-x86_64, r-patched-solaris-x86, r-release-linux-x86_64, r-release-macos-arm64, r-release-macos-x86_64, r-release-windows-ix86+x86_64

Version: 2.2.2
Check: whether package can be installed
Result: ERROR
    Installation failed.
Flavor: r-devel-windows-x86_64-gcc10-UCRT