CRAN Package Check Results for Package EloRating

Last updated on 2021-09-21 06:48:20 CEST.

Flavor Version Tinstall Tcheck Ttotal Status Flags
r-devel-linux-x86_64-debian-clang 0.46.11 71.92 182.69 254.61 OK
r-devel-linux-x86_64-debian-gcc 0.46.11 48.81 135.04 183.85 OK
r-devel-linux-x86_64-fedora-clang 0.46.11 330.89 OK
r-devel-linux-x86_64-fedora-gcc 0.46.11 299.65 OK
r-devel-windows-x86_64 0.46.11 70.00 186.00 256.00 OK
r-devel-windows-x86_64-gcc10-UCRT 0.46.11 ERROR
r-patched-linux-x86_64 0.46.11 58.19 172.30 230.49 OK
r-patched-solaris-x86 0.46.11 322.20 OK
r-release-linux-x86_64 0.46.11 56.85 169.86 226.71 OK
r-release-macos-arm64 0.46.11 OK
r-release-macos-x86_64 0.46.11 OK
r-release-windows-ix86+x86_64 0.46.11 156.00 319.00 475.00 OK
r-oldrel-macos-x86_64 0.46.11 OK
r-oldrel-windows-ix86+x86_64 0.46.11 161.00 327.00 488.00 OK

Check Details

Version: 0.46.11
Check: whether package can be installed
Result: ERROR
    Installation failed.
Flavor: r-devel-windows-x86_64-gcc10-UCRT