CRAN Package Check Results for Package EmbedSOM

Last updated on 2021-11-27 08:50:36 CET.

Flavor Version Tinstall Tcheck Ttotal Status Flags
r-devel-linux-x86_64-debian-clang 2.1.1 NOTE
r-devel-linux-x86_64-debian-gcc 2.1.1 18.84 45.33 64.17 NOTE
r-devel-linux-x86_64-fedora-clang 2.1.1 137.62 NOTE
r-devel-linux-x86_64-fedora-gcc 2.1.1 110.09 NOTE
r-devel-windows-x86_64-new-UL 2.1.1 36.00 205.00 241.00 NOTE
r-devel-windows-x86_64-new-TK 2.1.1 NOTE
r-devel-windows-x86_64-old 2.1.1 21.00 83.00 104.00 NOTE
r-patched-linux-x86_64 2.1.1 23.05 58.77 81.82 NOTE
r-patched-solaris-x86 2.1.1 159.00 NOTE
r-release-linux-x86_64 2.1.1 NOTE
r-release-macos-arm64 2.1.1 NOTE
r-release-macos-x86_64 2.1.1 NOTE
r-release-windows-ix86+x86_64 2.1.1 50.00 122.00 172.00 NOTE
r-oldrel-macos-x86_64 2.1.1 NOTE
r-oldrel-windows-ix86+x86_64 2.1.1 62.00 113.00 175.00 OK

Check Details

Version: 2.1.1
Check: LazyData
Result: NOTE
     'LazyData' is specified without a 'data' directory
Flavors: r-devel-linux-x86_64-debian-clang, r-devel-linux-x86_64-debian-gcc, r-devel-linux-x86_64-fedora-clang, r-devel-linux-x86_64-fedora-gcc, r-devel-windows-x86_64-new-UL, r-devel-windows-x86_64-new-TK, r-devel-windows-x86_64-old, r-patched-linux-x86_64, r-patched-solaris-x86, r-release-linux-x86_64, r-release-macos-arm64, r-release-macos-x86_64, r-release-windows-ix86+x86_64

Version: 2.1.1
Check: installed package size
Result: NOTE
     installed size is 5.0Mb
     sub-directories of 1Mb or more:
     doc 1.7Mb
     libs 3.1Mb
Flavors: r-devel-linux-x86_64-fedora-clang, r-release-macos-arm64

Version: 2.1.1
Check: dependencies in R code
Result: NOTE
    Namespaces in Imports field not imported from:
     ‘Matrix’ ‘Rtsne’ ‘uwot’
     All declared Imports should be used.
Flavors: r-devel-linux-x86_64-fedora-clang, r-devel-linux-x86_64-fedora-gcc, r-devel-windows-x86_64-new-TK, r-patched-solaris-x86, r-release-macos-arm64, r-release-macos-x86_64, r-oldrel-macos-x86_64