CRAN Package Check Results for Package Epi

Last updated on 2021-09-20 07:50:30 CEST.

Flavor Version Tinstall Tcheck Ttotal Status Flags
r-devel-linux-x86_64-debian-clang 2.44 24.13 592.46 616.59 OK
r-devel-linux-x86_64-debian-gcc 2.44 19.73 432.53 452.26 OK
r-devel-linux-x86_64-fedora-clang 2.44 746.65 NOTE
r-devel-linux-x86_64-fedora-gcc 2.44 727.68 OK
r-devel-windows-x86_64 2.44 30.00 191.00 221.00 OK --no-vignettes
r-devel-windows-x86_64-gcc10-UCRT 2.44 ERROR
r-patched-linux-x86_64 2.44 28.05 584.38 612.43 OK
r-patched-solaris-x86 2.44 1327.20 OK
r-release-linux-x86_64 2.44 24.20 592.59 616.79 OK
r-release-macos-arm64 2.44 OK
r-release-macos-x86_64 2.44 OK
r-release-windows-ix86+x86_64 2.44 49.00 253.00 302.00 OK --no-vignettes
r-oldrel-macos-x86_64 2.44 OK
r-oldrel-windows-ix86+x86_64 2.44 51.00 260.00 311.00 OK --no-vignettes

Check Details

Version: 2.44
Check: Rd cross-references
Result: NOTE
    Undeclared packages ‘ilc’, ‘demography’ in Rd xrefs
Flavor: r-devel-linux-x86_64-fedora-clang

Version: 2.44
Check: whether package can be installed
Result: ERROR
    Installation failed.
Flavor: r-devel-windows-x86_64-gcc10-UCRT