CRAN Package Check Results for Package EquiSurv

Last updated on 2021-10-27 01:51:17 CEST.

Flavor Version Tinstall Tcheck Ttotal Status Flags
r-devel-linux-x86_64-debian-clang 0.1.0 7.57 98.11 105.68 NOTE
r-devel-linux-x86_64-debian-gcc 0.1.0 6.38 74.45 80.83 NOTE
r-devel-linux-x86_64-fedora-clang 0.1.0 137.03 NOTE
r-devel-linux-x86_64-fedora-gcc 0.1.0 126.71 NOTE
r-devel-windows-x86_64 0.1.0 13.00 93.00 106.00 NOTE
r-devel-windows-x86_64-gcc10-UCRT 0.1.0 NOTE
r-patched-linux-x86_64 0.1.0 7.26 92.61 99.87 NOTE
r-patched-solaris-x86 0.1.0 177.60 NOTE
r-release-linux-x86_64 0.1.0 6.89 93.10 99.99 NOTE
r-release-macos-arm64 0.1.0 NOTE
r-release-macos-x86_64 0.1.0 NOTE
r-release-windows-ix86+x86_64 0.1.0 11.00 122.00 133.00 NOTE
r-oldrel-macos-x86_64 0.1.0 OK
r-oldrel-windows-ix86+x86_64 0.1.0 17.00 122.00 139.00 OK

Check Details

Version: 0.1.0
Check: LazyData
Result: NOTE
     'LazyData' is specified without a 'data' directory
Flavors: r-devel-linux-x86_64-debian-clang, r-devel-linux-x86_64-debian-gcc, r-devel-linux-x86_64-fedora-clang, r-devel-linux-x86_64-fedora-gcc, r-devel-windows-x86_64, r-devel-windows-x86_64-gcc10-UCRT, r-patched-linux-x86_64, r-patched-solaris-x86, r-release-linux-x86_64, r-release-macos-arm64, r-release-macos-x86_64, r-release-windows-ix86+x86_64