CRAN Package Check Results for Package EstHer

Last updated on 2021-09-19 06:48:56 CEST.

Flavor Version Tinstall Tcheck Ttotal Status Flags
r-devel-linux-x86_64-debian-clang 1.0 37.98 77.52 115.50 OK
r-devel-linux-x86_64-debian-gcc 1.0 25.93 59.56 85.49 OK
r-devel-linux-x86_64-fedora-clang 1.0 156.85 NOTE
r-devel-linux-x86_64-fedora-gcc 1.0 136.34 NOTE
r-devel-windows-x86_64 1.0 32.00 78.00 110.00 OK
r-devel-windows-x86_64-gcc10-UCRT 1.0 ERROR
r-patched-linux-x86_64 1.0 28.49 73.81 102.30 OK
r-patched-solaris-x86 1.0 179.30 OK
r-release-linux-x86_64 1.0 28.48 73.32 101.80 OK
r-release-macos-arm64 1.0 OK
r-release-macos-x86_64 1.0 OK
r-release-windows-ix86+x86_64 1.0 83.00 144.00 227.00 OK
r-oldrel-macos-x86_64 1.0 OK
r-oldrel-windows-ix86+x86_64 1.0 82.00 115.00 197.00 OK

Check Details

Version: 1.0
Check: compiled code
Result: NOTE
    File ‘EstHer/libs/EstHer.so’:
     Found no calls to: ‘R_registerRoutines’, ‘R_useDynamicSymbols’
    
    It is good practice to register native routines and to disable symbol
    search.
    
    See ‘Writing portable packages’ in the ‘Writing R Extensions’ manual.
Flavors: r-devel-linux-x86_64-fedora-clang, r-devel-linux-x86_64-fedora-gcc

Version: 1.0
Check: whether package can be installed
Result: ERROR
    Installation failed.
Flavor: r-devel-windows-x86_64-gcc10-UCRT