CRAN Package Check Results for Package EstimateGroupNetwork

Last updated on 2021-09-17 06:48:42 CEST.

Flavor Version Tinstall Tcheck Ttotal Status Flags
r-devel-linux-x86_64-debian-clang 0.3.1 13.79 113.17 126.96 NOTE
r-devel-linux-x86_64-debian-gcc 0.3.1 11.10 82.49 93.59 NOTE
r-devel-linux-x86_64-fedora-clang 0.3.1 160.90 NOTE
r-devel-linux-x86_64-fedora-gcc 0.3.1 149.22 NOTE
r-devel-windows-x86_64 0.3.1 16.00 137.00 153.00 NOTE
r-devel-windows-x86_64-gcc10-UCRT 0.3.1 NOTE
r-patched-linux-x86_64 0.3.1 12.75 103.90 116.65 NOTE
r-patched-solaris-x86 0.3.1 209.30 NOTE
r-release-linux-x86_64 0.3.1 11.90 103.20 115.10 NOTE
r-release-macos-arm64 0.3.1 NOTE
r-release-macos-x86_64 0.3.1 NOTE
r-release-windows-ix86+x86_64 0.3.1 33.00 129.00 162.00 NOTE
r-oldrel-macos-x86_64 0.3.1 OK
r-oldrel-windows-ix86+x86_64 0.3.1 34.00 118.00 152.00 OK

Check Details

Version: 0.3.1
Check: LazyData
Result: NOTE
     'LazyData' is specified without a 'data' directory
Flavors: r-devel-linux-x86_64-debian-clang, r-devel-linux-x86_64-debian-gcc, r-devel-linux-x86_64-fedora-clang, r-devel-linux-x86_64-fedora-gcc, r-devel-windows-x86_64, r-devel-windows-x86_64-gcc10-UCRT, r-patched-linux-x86_64, r-patched-solaris-x86, r-release-linux-x86_64, r-release-macos-arm64, r-release-macos-x86_64, r-release-windows-ix86+x86_64