CRAN Package Check Results for Package EventStudy

Last updated on 2021-11-27 08:50:36 CET.

Flavor Version Tinstall Tcheck Ttotal Status Flags
r-devel-linux-x86_64-debian-clang 0.36 NOTE
r-devel-linux-x86_64-debian-gcc 0.36 12.68 62.62 75.30 NOTE
r-devel-linux-x86_64-fedora-clang 0.36 127.39 NOTE
r-devel-linux-x86_64-fedora-gcc 0.36 115.97 NOTE
r-devel-windows-x86_64-new-UL 0.36 32.00 147.00 179.00 NOTE
r-devel-windows-x86_64-new-TK 0.36 NOTE
r-devel-windows-x86_64-old 0.36 21.00 98.00 119.00 NOTE
r-patched-linux-x86_64 0.36 13.44 79.48 92.92 NOTE
r-patched-solaris-x86 0.36 152.40 NOTE
r-release-linux-x86_64 0.36 NOTE
r-release-macos-arm64 0.36 NOTE
r-release-macos-x86_64 0.36 NOTE
r-release-windows-ix86+x86_64 0.36 32.00 127.00 159.00 NOTE
r-oldrel-macos-x86_64 0.36 NOTE
r-oldrel-windows-ix86+x86_64 0.36 34.00 114.00 148.00 NOTE

Check Details

Version: 0.36
Check: LazyData
Result: NOTE
     'LazyData' is specified without a 'data' directory
Flavors: r-devel-linux-x86_64-debian-clang, r-devel-linux-x86_64-debian-gcc, r-devel-linux-x86_64-fedora-clang, r-devel-linux-x86_64-fedora-gcc, r-devel-windows-x86_64-new-UL, r-devel-windows-x86_64-new-TK, r-devel-windows-x86_64-old, r-patched-linux-x86_64, r-patched-solaris-x86, r-release-linux-x86_64, r-release-macos-arm64, r-release-macos-x86_64, r-release-windows-ix86+x86_64

Version: 0.36
Check: installed package size
Result: NOTE
     installed size is 5.9Mb
     sub-directories of 1Mb or more:
     doc 5.0Mb
Flavors: r-devel-linux-x86_64-fedora-clang, r-devel-windows-x86_64-new-UL, r-devel-windows-x86_64-old, r-patched-solaris-x86, r-release-macos-arm64, r-release-macos-x86_64, r-release-windows-ix86+x86_64, r-oldrel-macos-x86_64, r-oldrel-windows-ix86+x86_64

Version: 0.36
Check: dependencies in R code
Result: NOTE
    Namespaces in Imports field not imported from:
     ‘curl’ ‘openxlsx’ ‘stringr’
     All declared Imports should be used.
Flavors: r-devel-linux-x86_64-fedora-clang, r-devel-linux-x86_64-fedora-gcc, r-devel-windows-x86_64-new-TK, r-patched-solaris-x86, r-release-macos-arm64, r-release-macos-x86_64, r-oldrel-macos-x86_64

Version: 0.36
Check: Rd cross-references
Result: NOTE
    Undeclared package ‘R6’ in Rd xrefs
Flavor: r-devel-linux-x86_64-fedora-clang