CRAN Package Check Results for Package ExtremalDep

Last updated on 2021-09-21 06:48:21 CEST.

Flavor Version Tinstall Tcheck Ttotal Status Flags
r-devel-linux-x86_64-debian-clang 0.0.3-3 28.51 181.28 209.79 OK
r-devel-linux-x86_64-debian-gcc 0.0.3-3 23.31 134.10 157.41 OK
r-devel-linux-x86_64-fedora-clang 0.0.3-3 259.67 OK
r-devel-linux-x86_64-fedora-gcc 0.0.3-3 241.86 OK
r-devel-windows-x86_64 0.0.3-3 34.00 155.00 189.00 OK
r-devel-windows-x86_64-gcc10-UCRT 0.0.3-3 ERROR
r-patched-linux-x86_64 0.0.3-3 27.35 168.76 196.11 OK
r-patched-solaris-x86 0.0.3-3 336.40 OK
r-release-linux-x86_64 0.0.3-3 24.53 168.34 192.87 OK
r-release-macos-arm64 0.0.3-3 OK
r-release-macos-x86_64 0.0.3-3 OK
r-release-windows-ix86+x86_64 0.0.3-3 63.00 266.00 329.00 OK
r-oldrel-macos-x86_64 0.0.3-3 OK
r-oldrel-windows-ix86+x86_64 0.0.3-3 66.00 198.00 264.00 OK

Check Details

Version: 0.0.3-3
Check: package dependencies
Result: ERROR
    Package required but not available: 'rlist'
    
    See section 'The DESCRIPTION file' in the 'Writing R Extensions'
    manual.
Flavor: r-devel-windows-x86_64-gcc10-UCRT