CRAN Package Check Results for Package FCSlib

Last updated on 2021-09-20 07:50:32 CEST.

Flavor Version Tinstall Tcheck Ttotal Status Flags
r-devel-linux-x86_64-debian-clang 1.3.0 10.85 76.47 87.32 OK
r-devel-linux-x86_64-debian-gcc 1.3.0 7.74 56.38 64.12 OK
r-devel-linux-x86_64-fedora-clang 1.3.0 111.14 OK
r-devel-linux-x86_64-fedora-gcc 1.3.0 96.80 OK
r-devel-windows-x86_64 1.3.0 14.00 70.00 84.00 OK
r-devel-windows-x86_64-gcc10-UCRT 1.3.0 ERROR
r-patched-linux-x86_64 1.3.0 14.52 69.93 84.45 OK
r-patched-solaris-x86 1.3.0 144.90 NOTE
r-release-linux-x86_64 1.3.0 8.62 68.78 77.40 OK
r-release-macos-arm64 1.3.0 NOTE
r-release-macos-x86_64 1.3.0 OK
r-release-windows-ix86+x86_64 1.3.0 24.00 97.00 121.00 OK
r-oldrel-macos-x86_64 1.3.0 OK
r-oldrel-windows-ix86+x86_64 1.3.0 28.00 68.00 96.00 OK

Check Details

Version: 1.3.0
Check: whether package can be installed
Result: WARN
    Found the following significant warnings:
     WARNING: installation-time patches will not be applied, could not get the patches index
Flavor: r-devel-windows-x86_64-gcc10-UCRT

Version: 1.3.0
Check: PDF version of manual
Result: WARN
    LaTeX errors when creating PDF version.
    This typically indicates Rd problems.
Flavor: r-devel-windows-x86_64-gcc10-UCRT

Version: 1.3.0
Check: PDF version of manual without hyperrefs or index
Result: ERROR
    Re-running with no redirection of stdout/stderr.
Flavor: r-devel-windows-x86_64-gcc10-UCRT

Version: 1.3.0
Check: installed package size
Result: NOTE
     installed size is 5.1Mb
     sub-directories of 1Mb or more:
     data 4.9Mb
Flavors: r-patched-solaris-x86, r-release-macos-arm64