Last updated on 2023-05-28 01:53:57 CEST.
Flavor | Version | Tinstall | Tcheck | Ttotal | Status | Flags |
---|---|---|---|---|---|---|
r-devel-linux-x86_64-debian-clang | 1.0 | 63.95 | 39.97 | 103.92 | NOTE | |
r-devel-linux-x86_64-debian-gcc | 1.0 | 49.11 | 33.00 | 82.11 | NOTE | |
r-devel-linux-x86_64-fedora-clang | 1.0 | 138.28 | NOTE | |||
r-devel-linux-x86_64-fedora-gcc | 1.0 | 149.90 | NOTE | |||
r-devel-windows-x86_64 | 1.0 | 47.00 | 72.00 | 119.00 | NOTE | |
r-patched-linux-x86_64 | 1.0 | 53.14 | 41.70 | 94.84 | NOTE | |
r-release-linux-x86_64 | 1.0 | 50.07 | 41.71 | 91.78 | NOTE | |
r-release-macos-arm64 | 1.0 | 46.00 | NOTE | |||
r-release-macos-x86_64 | 1.0 | 67.00 | NOTE | |||
r-release-windows-x86_64 | 1.0 | 58.00 | 89.00 | 147.00 | NOTE | |
r-oldrel-macos-arm64 | 1.0 | 45.00 | NOTE | |||
r-oldrel-macos-x86_64 | 1.0 | 54.00 | NOTE | |||
r-oldrel-windows-x86_64 | 1.0 | 61.00 | 84.00 | 145.00 | OK |
Version: 1.0
Check: C++ specification
Result: NOTE
Specified C++11: please drop specification unless essential
Flavors: r-devel-linux-x86_64-debian-clang, r-devel-linux-x86_64-debian-gcc, r-devel-linux-x86_64-fedora-clang, r-devel-linux-x86_64-fedora-gcc, r-devel-windows-x86_64, r-patched-linux-x86_64, r-release-linux-x86_64, r-release-macos-arm64, r-release-macos-x86_64, r-release-windows-x86_64
Version: 1.0
Check: installed package size
Result: NOTE
installed size is 8.4Mb
sub-directories of 1Mb or more:
libs 8.3Mb
Flavors: r-release-macos-arm64, r-release-macos-x86_64, r-oldrel-macos-arm64, r-oldrel-macos-x86_64