CRAN Package Check Results for Package FRESHD

Last updated on 2024-04-17 02:49:12 CEST.

Flavor Version Tinstall Tcheck Ttotal Status Flags
r-devel-linux-x86_64-debian-clang 1.0 64.77 39.76 104.53 NOTE
r-devel-linux-x86_64-debian-gcc 1.0 51.31 33.54 84.85 NOTE
r-devel-linux-x86_64-fedora-clang 1.0 139.44 NOTE
r-devel-linux-x86_64-fedora-gcc 1.0 151.91 NOTE
r-prerel-macos-arm64 1.0 38.00 NOTE
r-prerel-windows-x86_64 1.0 50.00 75.00 125.00 NOTE
r-patched-linux-x86_64 1.0 61.63 41.62 103.25 NOTE
r-release-linux-x86_64 1.0 59.76 42.58 102.34 NOTE
r-release-macos-arm64 1.0 46.00 NOTE
r-release-macos-x86_64 1.0 67.00 NOTE
r-release-windows-x86_64 1.0 62.00 91.00 153.00 NOTE
r-oldrel-macos-arm64 1.0 45.00 NOTE
r-oldrel-windows-x86_64 1.0 62.00 84.00 146.00 OK

Check Details

Version: 1.0
Check: C++ specification
Result: NOTE Specified C++11: please drop specification unless essential Flavors: r-devel-linux-x86_64-debian-clang, r-devel-linux-x86_64-debian-gcc, r-devel-linux-x86_64-fedora-clang, r-devel-linux-x86_64-fedora-gcc, r-prerel-macos-arm64, r-prerel-windows-x86_64, r-patched-linux-x86_64, r-release-linux-x86_64, r-release-macos-arm64, r-release-macos-x86_64, r-release-windows-x86_64

Version: 1.0
Check: Rd files
Result: NOTE checkRd: (-1) maximin.Rd:197: Lost braces 197 | Meinshausen, N and P. B{u}hlmann (2015). Maximin effects in inhomogeneous large-scale data. | ^ Flavors: r-devel-linux-x86_64-debian-clang, r-devel-linux-x86_64-debian-gcc, r-devel-linux-x86_64-fedora-clang, r-devel-linux-x86_64-fedora-gcc, r-prerel-macos-arm64, r-prerel-windows-x86_64, r-patched-linux-x86_64

Version: 1.0
Check: installed package size
Result: NOTE installed size is 8.7Mb sub-directories of 1Mb or more: libs 8.6Mb Flavors: r-prerel-macos-arm64, r-release-macos-arm64, r-release-macos-x86_64, r-oldrel-macos-arm64