CRAN Package Check Results for Package FastGaSP

Last updated on 2021-09-20 07:50:31 CEST.

Flavor Version Tinstall Tcheck Ttotal Status Flags
r-devel-linux-x86_64-debian-clang 0.5.2 40.75 35.42 76.17 OK
r-devel-linux-x86_64-debian-gcc 0.5.2 32.26 27.99 60.25 OK
r-devel-linux-x86_64-fedora-clang 0.5.2 115.58 NOTE
r-devel-linux-x86_64-fedora-gcc 0.5.2 103.21 NOTE
r-devel-windows-x86_64 0.5.2 36.00 50.00 86.00 OK
r-devel-windows-x86_64-gcc10-UCRT 0.5.2 ERROR
r-patched-linux-x86_64 0.5.2 39.07 34.63 73.70 OK
r-patched-solaris-x86 0.5.2 105.90 NOTE
r-release-linux-x86_64 0.5.2 34.66 34.89 69.55 OK
r-release-macos-arm64 0.5.2 NOTE
r-release-macos-x86_64 0.5.2 NOTE
r-release-windows-ix86+x86_64 0.5.2 97.00 90.00 187.00 OK
r-oldrel-macos-x86_64 0.5.2 NOTE
r-oldrel-windows-ix86+x86_64 0.5.2 91.00 72.00 163.00 OK

Check Details

Version: 0.5.2
Check: installed package size
Result: NOTE
     installed size is 8.8Mb
     sub-directories of 1Mb or more:
     libs 8.5Mb
Flavors: r-devel-linux-x86_64-fedora-clang, r-release-macos-arm64, r-release-macos-x86_64, r-oldrel-macos-x86_64

Version: 0.5.2
Check: dependencies in R code
Result: NOTE
    Namespace in Imports field not imported from: ‘RobustGaSP’
     All declared Imports should be used.
Flavors: r-devel-linux-x86_64-fedora-clang, r-devel-linux-x86_64-fedora-gcc, r-patched-solaris-x86, r-release-macos-arm64, r-release-macos-x86_64, r-oldrel-macos-x86_64

Version: 0.5.2
Check: whether package can be installed
Result: ERROR
    Installation failed.
Flavor: r-devel-windows-x86_64-gcc10-UCRT